{"id":3509,"date":"2023-04-26T18:19:34","date_gmt":"2023-04-26T16:19:34","guid":{"rendered":"https:\/\/reklameskolen.devz.no\/barneskole\/?page_id=3509"},"modified":"2023-11-27T10:41:51","modified_gmt":"2023-11-27T09:41:51","slug":"algoritmene-ser-deg","status":"publish","type":"page","link":"https:\/\/reklameskolen.devz.no\/barneskole\/den-digitale-halen\/algoritmene-ser-deg\/","title":{"rendered":"Algoritmene ser deg"},"content":{"rendered":"\n<div style=\"height:10px\" aria-hidden=\"true\" class=\"wp-block-spacer\"><\/div>\n\n\n\n<figure class=\"wp-block-image aligncenter size-full\"><img loading=\"lazy\" decoding=\"async\" width=\"1500\" height=\"375\" src=\"https:\/\/reklameskolen.devz.no\/barneskole\/files\/2023\/06\/iStock-1315599813.jpg\" alt=\"Abstrakt illustrasjon av dataalgoritmer\" class=\"wp-image-4252\" srcset=\"https:\/\/reklameskolen.devz.no\/barneskole\/files\/2023\/06\/iStock-1315599813.jpg 1500w, https:\/\/reklameskolen.devz.no\/barneskole\/files\/2023\/06\/iStock-1315599813-300x75.jpg 300w, https:\/\/reklameskolen.devz.no\/barneskole\/files\/2023\/06\/iStock-1315599813-1024x256.jpg 1024w, https:\/\/reklameskolen.devz.no\/barneskole\/files\/2023\/06\/iStock-1315599813-768x192.jpg 768w, https:\/\/reklameskolen.devz.no\/barneskole\/files\/2023\/06\/iStock-1315599813-150x38.jpg 150w\" sizes=\"auto, (max-width: 1500px) 100vw, 1500px\" \/><figcaption class=\"wp-element-caption\">Foto: metamorworks\/iStock<\/figcaption><\/figure>\n\n\n\n<div style=\"height:20px\" aria-hidden=\"true\" class=\"wp-block-spacer\"><\/div>\n\n\n\n<div class=\"wp-block-columns is-layout-flex wp-container-core-columns-is-layout-28f84493 wp-block-columns-is-layout-flex\">\n<div class=\"wp-block-column is-layout-flow wp-block-column-is-layout-flow\" style=\"flex-basis:64%\">\n<div style=\"height:50px\" aria-hidden=\"true\" class=\"wp-block-spacer\"><\/div>\n\n\n\n<h1 class=\"wp-block-heading\">Algoritmene ser deg<\/h1>\n\n\n\n<p>De fleste sosiale medier er styrt av algoritmer. Disse sm\u00e5 dataprogrammene styrer hvilke innlegg, stories og videoer du f\u00e5r se. De pr\u00f8ver hele tiden \u00e5 vise deg mer av det du liker. M\u00e5let er \u00e5 f\u00e5 deg til \u00e5 fortsette \u00e5 skrolle.\u202f\u202f&nbsp;<\/p>\n\n\n\n<p>For \u00e5 f\u00e5 til dette, trenger algoritmene informasjon om deg. Derfor samler mange nettsider og apper&nbsp;inn informasjon om hvordan du bruker dem. De lagrer blant annet hvilke lenker du klikker p\u00e5, og hvor lenge du ser p\u00e5 hvert innlegg. De unders\u00f8ker ogs\u00e5 hva du legger ut selv. B\u00e5de tekst, bilder og videoer. &nbsp;<\/p>\n\n\n\n<p>Sosiale medier, spill og andre nettsider bruker denne informasjonen til \u00e5 vise deg reklame for ting algoritmene tror du vil like. Da er det st\u00f8rre sjanse for at du f\u00e5r lyst til \u00e5 kj\u00f8pe tingene. Derfor er det mange firmaer som betaler for at akkurat du skal se reklamen deres.<\/p>\n<\/div>\n\n\n\n<div class=\"wp-block-column is-layout-flow wp-block-column-is-layout-flow\" style=\"flex-basis:30%\">\n<div class=\"wp-block-group is-style-fact-box is-layout-flow wp-block-group-is-layout-flow\">\n<h2 class=\"wp-block-heading has-palette-color-8-color has-text-color\">Definisjon<\/h2>\n\n\n\n<p><strong>Algoritme:<\/strong> En oppskrift som forklarer hvordan noe skal gj\u00f8res. I sosiale medier er algoritmene sm\u00e5 dataprogrammer. De bestemmer blant annet hvilke innlegg du f\u00e5r se.&nbsp;<\/p>\n<\/div>\n\n\n\n<div style=\"height:50px\" aria-hidden=\"true\" class=\"wp-block-spacer\"><\/div>\n\n\n\n<div class=\"wp-block-group is-style-fact-box is-layout-flow wp-block-group-is-layout-flow\">\n<h2 class=\"wp-block-heading has-palette-color-8-color has-text-color\">Dette kan du gj\u00f8re<\/h2>\n\n\n\n<ol class=\"wp-block-list\" type=\"1\">\n<li>Tenk over hva du deler p\u00e5 sosiale medier. V\u00e6r spesielt forsiktig med hva du deler om andre.<\/li>\n\n\n\n<li>Sjekk personverninnstillingene p\u00e5 telefonen og appene du bruker.&nbsp;<\/li>\n\n\n\n<li>Slett apper og kontoer du ikke bruker<\/li>\n<\/ol>\n<\/div>\n<\/div>\n<\/div>\n\n\n\n<div style=\"height:30px\" aria-hidden=\"true\" class=\"wp-block-spacer\"><\/div>\n\n\n\n<div class=\"wp-block-group alignfull is-style-default is-layout-flow wp-block-group-is-layout-flow\">\n<div class=\"wp-block-columns is-layout-flex wp-container-core-columns-is-layout-28f84493 wp-block-columns-is-layout-flex\">\n<div class=\"wp-block-column is-layout-flow wp-block-column-is-layout-flow\">\n<div class=\"wp-block-buttons is-content-justification-right is-layout-flex wp-container-core-buttons-is-layout-d445cf74 wp-block-buttons-is-layout-flex\">\n<div class=\"wp-block-button\"><a class=\"wp-block-button__link has-palette-color-8-color has-palette-color-3-background-color has-text-color has-background wp-element-button\" href=\"https:\/\/reklameskolen.devz.no\/barneskole\/den-digitale-halen\/\" style=\"padding-top:var(--wp--preset--spacing--40);padding-right:var(--wp--preset--spacing--40);padding-bottom:var(--wp--preset--spacing--40);padding-left:var(--wp--preset--spacing--40)\">Tilbake til &laquo;Den digitale halen&raquo;<\/a><\/div>\n<\/div>\n<\/div>\n\n\n\n<div class=\"wp-block-column is-layout-flow wp-block-column-is-layout-flow\">\n<div class=\"wp-block-buttons is-horizontal is-content-justification-left is-layout-flex wp-container-core-buttons-is-layout-20be11b6 wp-block-buttons-is-layout-flex\">\n<div class=\"wp-block-button\"><a class=\"wp-block-button__link has-palette-color-8-color has-palette-color-3-background-color has-text-color has-background wp-element-button\" href=\"https:\/\/reklameskolen.devz.no\/barneskole\/regler-for-reklame\/\" style=\"padding-top:var(--wp--preset--spacing--40);padding-right:var(--wp--preset--spacing--40);padding-bottom:var(--wp--preset--spacing--40);padding-left:var(--wp--preset--spacing--40)\">Videre til &laquo;Regler for reklame&raquo;<\/a><\/div>\n<\/div>\n<\/div>\n<\/div>\n<\/div>\n\n\n\n<div style=\"height:30px\" aria-hidden=\"true\" class=\"wp-block-spacer\"><\/div>\n","protected":false},"excerpt":{"rendered":"<p>Algoritmene ser deg De fleste sosiale medier er styrt av algoritmer. Disse sm\u00e5 dataprogrammene styrer hvilke innlegg, stories og videoer du f\u00e5r se. De pr\u00f8ver hele tiden \u00e5 vise deg mer av det du liker. M\u00e5let er \u00e5 f\u00e5 deg til \u00e5 fortsette \u00e5 skrolle.\u202f\u202f&nbsp; For \u00e5 f\u00e5 til dette, trenger algoritmene informasjon om deg. [&hellip;]<\/p>\n","protected":false},"author":10,"featured_media":0,"parent":3507,"menu_order":17,"comment_status":"closed","ping_status":"closed","template":"","meta":{"_acf_changed":false,"editor_notices":[],"footnotes":""},"class_list":["post-3509","page","type-page","status-publish","hentry"],"blocksy_meta":[],"acf":[],"yoast_head":"<!-- This site is optimized with the Yoast SEO plugin v25.9 - https:\/\/yoast.com\/wordpress\/plugins\/seo\/ -->\n<title>Algoritmene ser deg - Barneskole<\/title>\n<meta name=\"robots\" content=\"index, follow, max-snippet:-1, max-image-preview:large, max-video-preview:-1\" \/>\n<link rel=\"canonical\" href=\"https:\/\/reklameskolen.devz.no\/barneskole\/den-digitale-halen\/algoritmene-ser-deg\/\" \/>\n<meta property=\"og:locale\" content=\"nb_NO\" \/>\n<meta property=\"og:type\" content=\"article\" \/>\n<meta property=\"og:title\" content=\"Algoritmene ser deg - Barneskole\" \/>\n<meta property=\"og:description\" content=\"Algoritmene ser deg De fleste sosiale medier er styrt av algoritmer. Disse sm\u00e5 dataprogrammene styrer hvilke innlegg, stories og videoer du f\u00e5r se. De pr\u00f8ver hele tiden \u00e5 vise deg mer av det du liker. M\u00e5let er \u00e5 f\u00e5 deg til \u00e5 fortsette \u00e5 skrolle.\u202f\u202f&nbsp; For \u00e5 f\u00e5 til dette, trenger algoritmene informasjon om deg. [&hellip;]\" \/>\n<meta property=\"og:url\" content=\"https:\/\/reklameskolen.devz.no\/barneskole\/den-digitale-halen\/algoritmene-ser-deg\/\" \/>\n<meta property=\"og:site_name\" content=\"Barneskole\" \/>\n<meta property=\"article:modified_time\" content=\"2023-11-27T09:41:51+00:00\" \/>\n<meta property=\"og:image\" content=\"https:\/\/reklameskolen.devz.no\/barneskole\/files\/2023\/06\/iStock-1315599813.jpg\" \/>\n\t<meta property=\"og:image:width\" content=\"1500\" \/>\n\t<meta property=\"og:image:height\" content=\"375\" \/>\n\t<meta property=\"og:image:type\" content=\"image\/jpeg\" \/>\n<meta name=\"twitter:card\" content=\"summary_large_image\" \/>\n<meta name=\"twitter:label1\" content=\"Ansl. lesetid\" \/>\n\t<meta name=\"twitter:data1\" content=\"1 minutt\" \/>\n<script type=\"application\/ld+json\" class=\"yoast-schema-graph\">{\"@context\":\"https:\/\/schema.org\",\"@graph\":[{\"@type\":\"WebPage\",\"@id\":\"https:\/\/reklameskolen.devz.no\/barneskole\/den-digitale-halen\/algoritmene-ser-deg\/\",\"url\":\"https:\/\/reklameskolen.devz.no\/barneskole\/den-digitale-halen\/algoritmene-ser-deg\/\",\"name\":\"Algoritmene ser deg - Barneskole\",\"isPartOf\":{\"@id\":\"https:\/\/reklameskolen.devz.no\/barneskole\/#website\"},\"primaryImageOfPage\":{\"@id\":\"https:\/\/reklameskolen.devz.no\/barneskole\/den-digitale-halen\/algoritmene-ser-deg\/#primaryimage\"},\"image\":{\"@id\":\"https:\/\/reklameskolen.devz.no\/barneskole\/den-digitale-halen\/algoritmene-ser-deg\/#primaryimage\"},\"thumbnailUrl\":\"https:\/\/reklameskolen.devz.no\/barneskole\/files\/2023\/06\/iStock-1315599813.jpg\",\"datePublished\":\"2023-04-26T16:19:34+00:00\",\"dateModified\":\"2023-11-27T09:41:51+00:00\",\"breadcrumb\":{\"@id\":\"https:\/\/reklameskolen.devz.no\/barneskole\/den-digitale-halen\/algoritmene-ser-deg\/#breadcrumb\"},\"inLanguage\":\"nb-NO\",\"potentialAction\":[{\"@type\":\"ReadAction\",\"target\":[\"https:\/\/reklameskolen.devz.no\/barneskole\/den-digitale-halen\/algoritmene-ser-deg\/\"]}]},{\"@type\":\"ImageObject\",\"inLanguage\":\"nb-NO\",\"@id\":\"https:\/\/reklameskolen.devz.no\/barneskole\/den-digitale-halen\/algoritmene-ser-deg\/#primaryimage\",\"url\":\"https:\/\/reklameskolen.devz.no\/barneskole\/files\/2023\/06\/iStock-1315599813.jpg\",\"contentUrl\":\"https:\/\/reklameskolen.devz.no\/barneskole\/files\/2023\/06\/iStock-1315599813.jpg\",\"width\":1500,\"height\":375,\"caption\":\"People communication network concept. Social media.\"},{\"@type\":\"BreadcrumbList\",\"@id\":\"https:\/\/reklameskolen.devz.no\/barneskole\/den-digitale-halen\/algoritmene-ser-deg\/#breadcrumb\",\"itemListElement\":[{\"@type\":\"ListItem\",\"position\":1,\"name\":\"Home\",\"item\":\"https:\/\/reklameskolen.devz.no\/barneskole\/\"},{\"@type\":\"ListItem\",\"position\":2,\"name\":\"Den digitale halen\",\"item\":\"https:\/\/reklameskolen.devz.no\/barneskole\/den-digitale-halen\/\"},{\"@type\":\"ListItem\",\"position\":3,\"name\":\"Algoritmene ser deg\"}]},{\"@type\":\"WebSite\",\"@id\":\"https:\/\/reklameskolen.devz.no\/barneskole\/#website\",\"url\":\"https:\/\/reklameskolen.devz.no\/barneskole\/\",\"name\":\"Barneskole\",\"description\":\"Oppl\u00e6ringsverkt\u00f8y om reklame\",\"publisher\":{\"@id\":\"https:\/\/reklameskolen.devz.no\/barneskole\/#organization\"},\"potentialAction\":[{\"@type\":\"SearchAction\",\"target\":{\"@type\":\"EntryPoint\",\"urlTemplate\":\"https:\/\/reklameskolen.devz.no\/barneskole\/?s={search_term_string}\"},\"query-input\":{\"@type\":\"PropertyValueSpecification\",\"valueRequired\":true,\"valueName\":\"search_term_string\"}}],\"inLanguage\":\"nb-NO\"},{\"@type\":\"Organization\",\"@id\":\"https:\/\/reklameskolen.devz.no\/barneskole\/#organization\",\"name\":\"Barneskole\",\"url\":\"https:\/\/reklameskolen.devz.no\/barneskole\/\",\"logo\":{\"@type\":\"ImageObject\",\"inLanguage\":\"nb-NO\",\"@id\":\"https:\/\/reklameskolen.devz.no\/barneskole\/#\/schema\/logo\/image\/\",\"url\":\"https:\/\/reklameskolen.devz.no\/barneskole\/files\/2023\/08\/Reklameskolen-Logo-01.png\",\"contentUrl\":\"https:\/\/reklameskolen.devz.no\/barneskole\/files\/2023\/08\/Reklameskolen-Logo-01.png\",\"width\":2571,\"height\":950,\"caption\":\"Barneskole\"},\"image\":{\"@id\":\"https:\/\/reklameskolen.devz.no\/barneskole\/#\/schema\/logo\/image\/\"}}]}<\/script>\n<!-- \/ Yoast SEO plugin. -->","yoast_head_json":{"title":"Algoritmene ser deg - Barneskole","robots":{"index":"index","follow":"follow","max-snippet":"max-snippet:-1","max-image-preview":"max-image-preview:large","max-video-preview":"max-video-preview:-1"},"canonical":"https:\/\/reklameskolen.devz.no\/barneskole\/den-digitale-halen\/algoritmene-ser-deg\/","og_locale":"nb_NO","og_type":"article","og_title":"Algoritmene ser deg - Barneskole","og_description":"Algoritmene ser deg De fleste sosiale medier er styrt av algoritmer. Disse sm\u00e5 dataprogrammene styrer hvilke innlegg, stories og videoer du f\u00e5r se. De pr\u00f8ver hele tiden \u00e5 vise deg mer av det du liker. M\u00e5let er \u00e5 f\u00e5 deg til \u00e5 fortsette \u00e5 skrolle.\u202f\u202f&nbsp; For \u00e5 f\u00e5 til dette, trenger algoritmene informasjon om deg. [&hellip;]","og_url":"https:\/\/reklameskolen.devz.no\/barneskole\/den-digitale-halen\/algoritmene-ser-deg\/","og_site_name":"Barneskole","article_modified_time":"2023-11-27T09:41:51+00:00","og_image":[{"width":1500,"height":375,"url":"https:\/\/reklameskolen.devz.no\/barneskole\/files\/2023\/06\/iStock-1315599813.jpg","type":"image\/jpeg"}],"twitter_card":"summary_large_image","twitter_misc":{"Ansl. lesetid":"1 minutt"},"schema":{"@context":"https:\/\/schema.org","@graph":[{"@type":"WebPage","@id":"https:\/\/reklameskolen.devz.no\/barneskole\/den-digitale-halen\/algoritmene-ser-deg\/","url":"https:\/\/reklameskolen.devz.no\/barneskole\/den-digitale-halen\/algoritmene-ser-deg\/","name":"Algoritmene ser deg - Barneskole","isPartOf":{"@id":"https:\/\/reklameskolen.devz.no\/barneskole\/#website"},"primaryImageOfPage":{"@id":"https:\/\/reklameskolen.devz.no\/barneskole\/den-digitale-halen\/algoritmene-ser-deg\/#primaryimage"},"image":{"@id":"https:\/\/reklameskolen.devz.no\/barneskole\/den-digitale-halen\/algoritmene-ser-deg\/#primaryimage"},"thumbnailUrl":"https:\/\/reklameskolen.devz.no\/barneskole\/files\/2023\/06\/iStock-1315599813.jpg","datePublished":"2023-04-26T16:19:34+00:00","dateModified":"2023-11-27T09:41:51+00:00","breadcrumb":{"@id":"https:\/\/reklameskolen.devz.no\/barneskole\/den-digitale-halen\/algoritmene-ser-deg\/#breadcrumb"},"inLanguage":"nb-NO","potentialAction":[{"@type":"ReadAction","target":["https:\/\/reklameskolen.devz.no\/barneskole\/den-digitale-halen\/algoritmene-ser-deg\/"]}]},{"@type":"ImageObject","inLanguage":"nb-NO","@id":"https:\/\/reklameskolen.devz.no\/barneskole\/den-digitale-halen\/algoritmene-ser-deg\/#primaryimage","url":"https:\/\/reklameskolen.devz.no\/barneskole\/files\/2023\/06\/iStock-1315599813.jpg","contentUrl":"https:\/\/reklameskolen.devz.no\/barneskole\/files\/2023\/06\/iStock-1315599813.jpg","width":1500,"height":375,"caption":"People communication network concept. Social media."},{"@type":"BreadcrumbList","@id":"https:\/\/reklameskolen.devz.no\/barneskole\/den-digitale-halen\/algoritmene-ser-deg\/#breadcrumb","itemListElement":[{"@type":"ListItem","position":1,"name":"Home","item":"https:\/\/reklameskolen.devz.no\/barneskole\/"},{"@type":"ListItem","position":2,"name":"Den digitale halen","item":"https:\/\/reklameskolen.devz.no\/barneskole\/den-digitale-halen\/"},{"@type":"ListItem","position":3,"name":"Algoritmene ser deg"}]},{"@type":"WebSite","@id":"https:\/\/reklameskolen.devz.no\/barneskole\/#website","url":"https:\/\/reklameskolen.devz.no\/barneskole\/","name":"Barneskole","description":"Oppl\u00e6ringsverkt\u00f8y om reklame","publisher":{"@id":"https:\/\/reklameskolen.devz.no\/barneskole\/#organization"},"potentialAction":[{"@type":"SearchAction","target":{"@type":"EntryPoint","urlTemplate":"https:\/\/reklameskolen.devz.no\/barneskole\/?s={search_term_string}"},"query-input":{"@type":"PropertyValueSpecification","valueRequired":true,"valueName":"search_term_string"}}],"inLanguage":"nb-NO"},{"@type":"Organization","@id":"https:\/\/reklameskolen.devz.no\/barneskole\/#organization","name":"Barneskole","url":"https:\/\/reklameskolen.devz.no\/barneskole\/","logo":{"@type":"ImageObject","inLanguage":"nb-NO","@id":"https:\/\/reklameskolen.devz.no\/barneskole\/#\/schema\/logo\/image\/","url":"https:\/\/reklameskolen.devz.no\/barneskole\/files\/2023\/08\/Reklameskolen-Logo-01.png","contentUrl":"https:\/\/reklameskolen.devz.no\/barneskole\/files\/2023\/08\/Reklameskolen-Logo-01.png","width":2571,"height":950,"caption":"Barneskole"},"image":{"@id":"https:\/\/reklameskolen.devz.no\/barneskole\/#\/schema\/logo\/image\/"}}]}},"_links":{"self":[{"href":"https:\/\/reklameskolen.devz.no\/barneskole\/wp-json\/wp\/v2\/pages\/3509","targetHints":{"allow":["GET"]}}],"collection":[{"href":"https:\/\/reklameskolen.devz.no\/barneskole\/wp-json\/wp\/v2\/pages"}],"about":[{"href":"https:\/\/reklameskolen.devz.no\/barneskole\/wp-json\/wp\/v2\/types\/page"}],"author":[{"embeddable":true,"href":"https:\/\/reklameskolen.devz.no\/barneskole\/wp-json\/wp\/v2\/users\/10"}],"replies":[{"embeddable":true,"href":"https:\/\/reklameskolen.devz.no\/barneskole\/wp-json\/wp\/v2\/comments?post=3509"}],"version-history":[{"count":32,"href":"https:\/\/reklameskolen.devz.no\/barneskole\/wp-json\/wp\/v2\/pages\/3509\/revisions"}],"predecessor-version":[{"id":4875,"href":"https:\/\/reklameskolen.devz.no\/barneskole\/wp-json\/wp\/v2\/pages\/3509\/revisions\/4875"}],"up":[{"embeddable":true,"href":"https:\/\/reklameskolen.devz.no\/barneskole\/wp-json\/wp\/v2\/pages\/3507"}],"wp:attachment":[{"href":"https:\/\/reklameskolen.devz.no\/barneskole\/wp-json\/wp\/v2\/media?parent=3509"}],"curies":[{"name":"wp","href":"https:\/\/api.w.org\/{rel}","templated":true}]}}