{"id":3525,"date":"2023-04-26T18:30:26","date_gmt":"2023-04-26T16:30:26","guid":{"rendered":"https:\/\/reklameskolen.devz.no\/barneskole\/?page_id=3525"},"modified":"2024-11-27T12:38:10","modified_gmt":"2024-11-27T11:38:10","slug":"hva-er-en-influenser","status":"publish","type":"page","link":"https:\/\/reklameskolen.devz.no\/barneskole\/reklame-i-sosiale-medier\/hva-er-en-influenser\/","title":{"rendered":"Hva er en influenser?"},"content":{"rendered":"\n<div style=\"height:10px\" aria-hidden=\"true\" class=\"wp-block-spacer\"><\/div>\n\n\n\n<figure class=\"wp-block-image size-full\"><img loading=\"lazy\" decoding=\"async\" width=\"1920\" height=\"480\" src=\"https:\/\/reklameskolen.devz.no\/barneskole\/files\/2024\/08\/kiril-krsteski-6enQSaGKxlY-unsplash.jpg\" alt=\"Foto av en ung kvinne som st\u00e5r midt i et tropisk landskap. Hun tar bilde av palmene med en mobiltelefon.\" class=\"wp-image-5061\" srcset=\"https:\/\/reklameskolen.devz.no\/barneskole\/files\/2024\/08\/kiril-krsteski-6enQSaGKxlY-unsplash.jpg 1920w, https:\/\/reklameskolen.devz.no\/barneskole\/files\/2024\/08\/kiril-krsteski-6enQSaGKxlY-unsplash-300x75.jpg 300w, https:\/\/reklameskolen.devz.no\/barneskole\/files\/2024\/08\/kiril-krsteski-6enQSaGKxlY-unsplash-1024x256.jpg 1024w, https:\/\/reklameskolen.devz.no\/barneskole\/files\/2024\/08\/kiril-krsteski-6enQSaGKxlY-unsplash-768x192.jpg 768w, https:\/\/reklameskolen.devz.no\/barneskole\/files\/2024\/08\/kiril-krsteski-6enQSaGKxlY-unsplash-1536x384.jpg 1536w, https:\/\/reklameskolen.devz.no\/barneskole\/files\/2024\/08\/kiril-krsteski-6enQSaGKxlY-unsplash-150x38.jpg 150w\" sizes=\"auto, (max-width: 1920px) 100vw, 1920px\" \/><figcaption class=\"wp-element-caption\">Foto: Kiril Krsteski\/Unsplash<\/figcaption><\/figure>\n\n\n\n<div class=\"wp-block-columns is-layout-flex wp-container-core-columns-is-layout-28f84493 wp-block-columns-is-layout-flex\">\n<div class=\"wp-block-column is-layout-flow wp-block-column-is-layout-flow\" style=\"flex-basis:67%\">\n<h1 class=\"wp-block-heading has-text-align-left\">Hva er en influenser?<\/h1>\n\n\n\n<p>B\u00e5de barn, ungdom og voksne lever store deler av livet p\u00e5 sosiale medier.\u202f Noen lever ogs\u00e5\u202fav\u202fsosiale medier. Det gjelder blant annet dem vi kaller influensere.&nbsp;<\/p>\n\n\n\n<p>En influenser er en person som bruker sosiale medier for \u00e5 p\u00e5virke f\u00f8lgerne sine. Vanligvis er det gratis \u00e5 se bildene og videoene de legger ut i sosiale medier. Likevel tjener influenserne penger p\u00e5 innholdet de lager.&nbsp;&nbsp;<\/p>\n\n\n\n<p>Influensere er ofte folk som mange beundrer og ser opp til. Folk vi f\u00f8ler at vi kjenner. Nesten som venner. Derfor er det mange som h\u00f8rer p\u00e5 dem og stoler p\u00e5 dem. Mange firmaer betaler influensere for at de skal vise fram og skryte av produktene de selger.&nbsp;<\/p>\n\n\n\n<p>Mange influensere deler mye personlig innhold blandet med reklame. Derfor er det ikke alltid lett \u00e5 vite hva influenserne faktisk liker selv, og hva de f\u00e5r betalt for \u00e5 like. Dermed kan du bli p\u00e5virket av reklamen uten at du vet det selv.&nbsp;&nbsp;&nbsp;<\/p>\n<\/div>\n\n\n\n<div class=\"wp-block-column is-layout-flow wp-block-column-is-layout-flow\" style=\"flex-basis:33.33%\">\n<div class=\"wp-block-group is-style-fact-box is-layout-flow wp-block-group-is-layout-flow\">\n<h2 class=\"wp-block-heading has-palette-color-8-color has-text-color\">Definisjon<\/h2>\n\n\n\n<p><strong>Influenser:<\/strong> En person som bruker sosiale medier for \u00e5 p\u00e5virke folk. <\/p>\n<\/div>\n\n\n\n<div style=\"height:50px\" aria-hidden=\"true\" class=\"wp-block-spacer\"><\/div>\n\n\n\n<div class=\"wp-block-group is-style-fact-box is-layout-constrained wp-block-group-is-layout-constrained\">\n<h2 class=\"wp-block-heading\">Blir det for mye?<\/h2>\n\n\n\n<p>I <a href=\"https:\/\/www.medietilsynet.no\/fakta\/rapporter\/barn-og-medier\/2024\/barn-eksponering-reklame-nett-influensere\/\" target=\"_blank\" rel=\"noreferrer noopener\">en unders\u00f8kelse<\/a> spurte medietilsynet barn og unge om de syns det var for mye reklame i sosiale medier. 64 prosent var enige i at de f\u00e5r for mye reklame.<\/p>\n<\/div>\n\n\n\n<div style=\"height:50px\" aria-hidden=\"true\" class=\"wp-block-spacer\"><\/div>\n<\/div>\n<\/div>\n\n\n\n<div class=\"wp-block-group alignfull is-layout-flow wp-block-group-is-layout-flow\">\n<div class=\"wp-block-columns is-layout-flex wp-container-core-columns-is-layout-28f84493 wp-block-columns-is-layout-flex\">\n<div class=\"wp-block-column is-layout-flow wp-block-column-is-layout-flow\">\n<div class=\"wp-block-buttons is-content-justification-right is-layout-flex wp-container-core-buttons-is-layout-d445cf74 wp-block-buttons-is-layout-flex\">\n<div class=\"wp-block-button\"><a class=\"wp-block-button__link has-palette-color-8-color has-palette-color-3-background-color has-text-color has-background wp-element-button\" href=\"https:\/\/reklameskolen.devz.no\/barneskole\/reklame-i-sosiale-medier\/\" style=\"padding-top:var(--wp--preset--spacing--40);padding-right:var(--wp--preset--spacing--40);padding-bottom:var(--wp--preset--spacing--40);padding-left:var(--wp--preset--spacing--40)\">Tilbake til &laquo;Reklame i sosiale medier&raquo;<\/a><\/div>\n<\/div>\n<\/div>\n\n\n\n<div class=\"wp-block-column is-layout-flow wp-block-column-is-layout-flow\">\n<div class=\"wp-block-buttons is-horizontal is-content-justification-left is-layout-flex wp-container-core-buttons-is-layout-20be11b6 wp-block-buttons-is-layout-flex\">\n<div class=\"wp-block-button\"><a class=\"wp-block-button__link has-palette-color-8-color has-palette-color-3-background-color has-text-color has-background wp-element-button\" href=\"https:\/\/reklameskolen.devz.no\/barneskole\/reklame-i-sosiale-medier\/en-dag-i-mitt-liv\/\" style=\"padding-top:var(--wp--preset--spacing--40);padding-right:var(--wp--preset--spacing--40);padding-bottom:var(--wp--preset--spacing--40);padding-left:var(--wp--preset--spacing--40)\">Videre til &laquo;En dag i mitt liv&raquo;<\/a><\/div>\n<\/div>\n<\/div>\n<\/div>\n<\/div>\n\n\n\n<div style=\"height:30px\" aria-hidden=\"true\" class=\"wp-block-spacer\"><\/div>\n","protected":false},"excerpt":{"rendered":"<p>Hva er en influenser? B\u00e5de barn, ungdom og voksne lever store deler av livet p\u00e5 sosiale medier.\u202f Noen lever ogs\u00e5\u202fav\u202fsosiale medier. Det gjelder blant annet dem vi kaller influensere.&nbsp; En influenser er en person som bruker sosiale medier for \u00e5 p\u00e5virke f\u00f8lgerne sine. Vanligvis er det gratis \u00e5 se bildene og videoene de legger ut [&hellip;]<\/p>\n","protected":false},"author":10,"featured_media":0,"parent":4440,"menu_order":1,"comment_status":"closed","ping_status":"closed","template":"","meta":{"_acf_changed":false,"editor_notices":[],"footnotes":""},"class_list":["post-3525","page","type-page","status-publish","hentry"],"blocksy_meta":[],"acf":[],"yoast_head":"<!-- This site is optimized with the Yoast SEO plugin v25.9 - https:\/\/yoast.com\/wordpress\/plugins\/seo\/ -->\n<title>Hva er en influenser? - Barneskole<\/title>\n<meta name=\"robots\" content=\"index, follow, max-snippet:-1, max-image-preview:large, max-video-preview:-1\" \/>\n<link rel=\"canonical\" href=\"https:\/\/reklameskolen.devz.no\/barneskole\/reklame-i-sosiale-medier\/hva-er-en-influenser\/\" \/>\n<meta property=\"og:locale\" content=\"nb_NO\" \/>\n<meta property=\"og:type\" content=\"article\" \/>\n<meta property=\"og:title\" content=\"Hva er en influenser? - Barneskole\" \/>\n<meta property=\"og:description\" content=\"Hva er en influenser? B\u00e5de barn, ungdom og voksne lever store deler av livet p\u00e5 sosiale medier.\u202f Noen lever ogs\u00e5\u202fav\u202fsosiale medier. Det gjelder blant annet dem vi kaller influensere.&nbsp; En influenser er en person som bruker sosiale medier for \u00e5 p\u00e5virke f\u00f8lgerne sine. Vanligvis er det gratis \u00e5 se bildene og videoene de legger ut [&hellip;]\" \/>\n<meta property=\"og:url\" content=\"https:\/\/reklameskolen.devz.no\/barneskole\/reklame-i-sosiale-medier\/hva-er-en-influenser\/\" \/>\n<meta property=\"og:site_name\" content=\"Barneskole\" \/>\n<meta property=\"article:modified_time\" content=\"2024-11-27T11:38:10+00:00\" \/>\n<meta property=\"og:image\" content=\"https:\/\/reklameskolen.devz.no\/barneskole\/files\/2024\/08\/kiril-krsteski-6enQSaGKxlY-unsplash.jpg\" \/>\n\t<meta property=\"og:image:width\" content=\"1920\" \/>\n\t<meta property=\"og:image:height\" content=\"480\" \/>\n\t<meta property=\"og:image:type\" content=\"image\/jpeg\" \/>\n<meta name=\"twitter:card\" content=\"summary_large_image\" \/>\n<meta name=\"twitter:label1\" content=\"Ansl. lesetid\" \/>\n\t<meta name=\"twitter:data1\" content=\"2 minutter\" \/>\n<script type=\"application\/ld+json\" class=\"yoast-schema-graph\">{\"@context\":\"https:\/\/schema.org\",\"@graph\":[{\"@type\":\"WebPage\",\"@id\":\"https:\/\/reklameskolen.devz.no\/barneskole\/reklame-i-sosiale-medier\/hva-er-en-influenser\/\",\"url\":\"https:\/\/reklameskolen.devz.no\/barneskole\/reklame-i-sosiale-medier\/hva-er-en-influenser\/\",\"name\":\"Hva er en influenser? - Barneskole\",\"isPartOf\":{\"@id\":\"https:\/\/reklameskolen.devz.no\/barneskole\/#website\"},\"primaryImageOfPage\":{\"@id\":\"https:\/\/reklameskolen.devz.no\/barneskole\/reklame-i-sosiale-medier\/hva-er-en-influenser\/#primaryimage\"},\"image\":{\"@id\":\"https:\/\/reklameskolen.devz.no\/barneskole\/reklame-i-sosiale-medier\/hva-er-en-influenser\/#primaryimage\"},\"thumbnailUrl\":\"https:\/\/reklameskolen.devz.no\/barneskole\/files\/2024\/08\/kiril-krsteski-6enQSaGKxlY-unsplash.jpg\",\"datePublished\":\"2023-04-26T16:30:26+00:00\",\"dateModified\":\"2024-11-27T11:38:10+00:00\",\"breadcrumb\":{\"@id\":\"https:\/\/reklameskolen.devz.no\/barneskole\/reklame-i-sosiale-medier\/hva-er-en-influenser\/#breadcrumb\"},\"inLanguage\":\"nb-NO\",\"potentialAction\":[{\"@type\":\"ReadAction\",\"target\":[\"https:\/\/reklameskolen.devz.no\/barneskole\/reklame-i-sosiale-medier\/hva-er-en-influenser\/\"]}]},{\"@type\":\"ImageObject\",\"inLanguage\":\"nb-NO\",\"@id\":\"https:\/\/reklameskolen.devz.no\/barneskole\/reklame-i-sosiale-medier\/hva-er-en-influenser\/#primaryimage\",\"url\":\"https:\/\/reklameskolen.devz.no\/barneskole\/files\/2024\/08\/kiril-krsteski-6enQSaGKxlY-unsplash.jpg\",\"contentUrl\":\"https:\/\/reklameskolen.devz.no\/barneskole\/files\/2024\/08\/kiril-krsteski-6enQSaGKxlY-unsplash.jpg\",\"width\":1920,\"height\":480,\"caption\":\"Foto: Kiril Krsteski\/Unsplash\"},{\"@type\":\"BreadcrumbList\",\"@id\":\"https:\/\/reklameskolen.devz.no\/barneskole\/reklame-i-sosiale-medier\/hva-er-en-influenser\/#breadcrumb\",\"itemListElement\":[{\"@type\":\"ListItem\",\"position\":1,\"name\":\"Home\",\"item\":\"https:\/\/reklameskolen.devz.no\/barneskole\/\"},{\"@type\":\"ListItem\",\"position\":2,\"name\":\"Reklame i sosiale medier\",\"item\":\"https:\/\/reklameskolen.devz.no\/barneskole\/reklame-i-sosiale-medier\/\"},{\"@type\":\"ListItem\",\"position\":3,\"name\":\"Hva er en influenser?\"}]},{\"@type\":\"WebSite\",\"@id\":\"https:\/\/reklameskolen.devz.no\/barneskole\/#website\",\"url\":\"https:\/\/reklameskolen.devz.no\/barneskole\/\",\"name\":\"Barneskole\",\"description\":\"Oppl\u00e6ringsverkt\u00f8y om reklame\",\"publisher\":{\"@id\":\"https:\/\/reklameskolen.devz.no\/barneskole\/#organization\"},\"potentialAction\":[{\"@type\":\"SearchAction\",\"target\":{\"@type\":\"EntryPoint\",\"urlTemplate\":\"https:\/\/reklameskolen.devz.no\/barneskole\/?s={search_term_string}\"},\"query-input\":{\"@type\":\"PropertyValueSpecification\",\"valueRequired\":true,\"valueName\":\"search_term_string\"}}],\"inLanguage\":\"nb-NO\"},{\"@type\":\"Organization\",\"@id\":\"https:\/\/reklameskolen.devz.no\/barneskole\/#organization\",\"name\":\"Barneskole\",\"url\":\"https:\/\/reklameskolen.devz.no\/barneskole\/\",\"logo\":{\"@type\":\"ImageObject\",\"inLanguage\":\"nb-NO\",\"@id\":\"https:\/\/reklameskolen.devz.no\/barneskole\/#\/schema\/logo\/image\/\",\"url\":\"https:\/\/reklameskolen.devz.no\/barneskole\/files\/2023\/08\/Reklameskolen-Logo-01.png\",\"contentUrl\":\"https:\/\/reklameskolen.devz.no\/barneskole\/files\/2023\/08\/Reklameskolen-Logo-01.png\",\"width\":2571,\"height\":950,\"caption\":\"Barneskole\"},\"image\":{\"@id\":\"https:\/\/reklameskolen.devz.no\/barneskole\/#\/schema\/logo\/image\/\"}}]}<\/script>\n<!-- \/ Yoast SEO plugin. -->","yoast_head_json":{"title":"Hva er en influenser? - Barneskole","robots":{"index":"index","follow":"follow","max-snippet":"max-snippet:-1","max-image-preview":"max-image-preview:large","max-video-preview":"max-video-preview:-1"},"canonical":"https:\/\/reklameskolen.devz.no\/barneskole\/reklame-i-sosiale-medier\/hva-er-en-influenser\/","og_locale":"nb_NO","og_type":"article","og_title":"Hva er en influenser? - Barneskole","og_description":"Hva er en influenser? B\u00e5de barn, ungdom og voksne lever store deler av livet p\u00e5 sosiale medier.\u202f Noen lever ogs\u00e5\u202fav\u202fsosiale medier. Det gjelder blant annet dem vi kaller influensere.&nbsp; En influenser er en person som bruker sosiale medier for \u00e5 p\u00e5virke f\u00f8lgerne sine. Vanligvis er det gratis \u00e5 se bildene og videoene de legger ut [&hellip;]","og_url":"https:\/\/reklameskolen.devz.no\/barneskole\/reklame-i-sosiale-medier\/hva-er-en-influenser\/","og_site_name":"Barneskole","article_modified_time":"2024-11-27T11:38:10+00:00","og_image":[{"width":1920,"height":480,"url":"https:\/\/reklameskolen.devz.no\/barneskole\/files\/2024\/08\/kiril-krsteski-6enQSaGKxlY-unsplash.jpg","type":"image\/jpeg"}],"twitter_card":"summary_large_image","twitter_misc":{"Ansl. lesetid":"2 minutter"},"schema":{"@context":"https:\/\/schema.org","@graph":[{"@type":"WebPage","@id":"https:\/\/reklameskolen.devz.no\/barneskole\/reklame-i-sosiale-medier\/hva-er-en-influenser\/","url":"https:\/\/reklameskolen.devz.no\/barneskole\/reklame-i-sosiale-medier\/hva-er-en-influenser\/","name":"Hva er en influenser? - Barneskole","isPartOf":{"@id":"https:\/\/reklameskolen.devz.no\/barneskole\/#website"},"primaryImageOfPage":{"@id":"https:\/\/reklameskolen.devz.no\/barneskole\/reklame-i-sosiale-medier\/hva-er-en-influenser\/#primaryimage"},"image":{"@id":"https:\/\/reklameskolen.devz.no\/barneskole\/reklame-i-sosiale-medier\/hva-er-en-influenser\/#primaryimage"},"thumbnailUrl":"https:\/\/reklameskolen.devz.no\/barneskole\/files\/2024\/08\/kiril-krsteski-6enQSaGKxlY-unsplash.jpg","datePublished":"2023-04-26T16:30:26+00:00","dateModified":"2024-11-27T11:38:10+00:00","breadcrumb":{"@id":"https:\/\/reklameskolen.devz.no\/barneskole\/reklame-i-sosiale-medier\/hva-er-en-influenser\/#breadcrumb"},"inLanguage":"nb-NO","potentialAction":[{"@type":"ReadAction","target":["https:\/\/reklameskolen.devz.no\/barneskole\/reklame-i-sosiale-medier\/hva-er-en-influenser\/"]}]},{"@type":"ImageObject","inLanguage":"nb-NO","@id":"https:\/\/reklameskolen.devz.no\/barneskole\/reklame-i-sosiale-medier\/hva-er-en-influenser\/#primaryimage","url":"https:\/\/reklameskolen.devz.no\/barneskole\/files\/2024\/08\/kiril-krsteski-6enQSaGKxlY-unsplash.jpg","contentUrl":"https:\/\/reklameskolen.devz.no\/barneskole\/files\/2024\/08\/kiril-krsteski-6enQSaGKxlY-unsplash.jpg","width":1920,"height":480,"caption":"Foto: Kiril Krsteski\/Unsplash"},{"@type":"BreadcrumbList","@id":"https:\/\/reklameskolen.devz.no\/barneskole\/reklame-i-sosiale-medier\/hva-er-en-influenser\/#breadcrumb","itemListElement":[{"@type":"ListItem","position":1,"name":"Home","item":"https:\/\/reklameskolen.devz.no\/barneskole\/"},{"@type":"ListItem","position":2,"name":"Reklame i sosiale medier","item":"https:\/\/reklameskolen.devz.no\/barneskole\/reklame-i-sosiale-medier\/"},{"@type":"ListItem","position":3,"name":"Hva er en influenser?"}]},{"@type":"WebSite","@id":"https:\/\/reklameskolen.devz.no\/barneskole\/#website","url":"https:\/\/reklameskolen.devz.no\/barneskole\/","name":"Barneskole","description":"Oppl\u00e6ringsverkt\u00f8y om reklame","publisher":{"@id":"https:\/\/reklameskolen.devz.no\/barneskole\/#organization"},"potentialAction":[{"@type":"SearchAction","target":{"@type":"EntryPoint","urlTemplate":"https:\/\/reklameskolen.devz.no\/barneskole\/?s={search_term_string}"},"query-input":{"@type":"PropertyValueSpecification","valueRequired":true,"valueName":"search_term_string"}}],"inLanguage":"nb-NO"},{"@type":"Organization","@id":"https:\/\/reklameskolen.devz.no\/barneskole\/#organization","name":"Barneskole","url":"https:\/\/reklameskolen.devz.no\/barneskole\/","logo":{"@type":"ImageObject","inLanguage":"nb-NO","@id":"https:\/\/reklameskolen.devz.no\/barneskole\/#\/schema\/logo\/image\/","url":"https:\/\/reklameskolen.devz.no\/barneskole\/files\/2023\/08\/Reklameskolen-Logo-01.png","contentUrl":"https:\/\/reklameskolen.devz.no\/barneskole\/files\/2023\/08\/Reklameskolen-Logo-01.png","width":2571,"height":950,"caption":"Barneskole"},"image":{"@id":"https:\/\/reklameskolen.devz.no\/barneskole\/#\/schema\/logo\/image\/"}}]}},"_links":{"self":[{"href":"https:\/\/reklameskolen.devz.no\/barneskole\/wp-json\/wp\/v2\/pages\/3525","targetHints":{"allow":["GET"]}}],"collection":[{"href":"https:\/\/reklameskolen.devz.no\/barneskole\/wp-json\/wp\/v2\/pages"}],"about":[{"href":"https:\/\/reklameskolen.devz.no\/barneskole\/wp-json\/wp\/v2\/types\/page"}],"author":[{"embeddable":true,"href":"https:\/\/reklameskolen.devz.no\/barneskole\/wp-json\/wp\/v2\/users\/10"}],"replies":[{"embeddable":true,"href":"https:\/\/reklameskolen.devz.no\/barneskole\/wp-json\/wp\/v2\/comments?post=3525"}],"version-history":[{"count":19,"href":"https:\/\/reklameskolen.devz.no\/barneskole\/wp-json\/wp\/v2\/pages\/3525\/revisions"}],"predecessor-version":[{"id":5136,"href":"https:\/\/reklameskolen.devz.no\/barneskole\/wp-json\/wp\/v2\/pages\/3525\/revisions\/5136"}],"up":[{"embeddable":true,"href":"https:\/\/reklameskolen.devz.no\/barneskole\/wp-json\/wp\/v2\/pages\/4440"}],"wp:attachment":[{"href":"https:\/\/reklameskolen.devz.no\/barneskole\/wp-json\/wp\/v2\/media?parent=3525"}],"curies":[{"name":"wp","href":"https:\/\/api.w.org\/{rel}","templated":true}]}}