{"id":3535,"date":"2023-04-26T18:34:12","date_gmt":"2023-04-26T16:34:12","guid":{"rendered":"https:\/\/reklameskolen.devz.no\/barneskole\/?page_id=3535"},"modified":"2023-11-27T10:47:23","modified_gmt":"2023-11-27T09:47:23","slug":"penger-og-produkter","status":"publish","type":"page","link":"https:\/\/reklameskolen.devz.no\/barneskole\/reklame-i-spill\/penger-og-produkter\/","title":{"rendered":"Penger og produkter"},"content":{"rendered":"\n<div style=\"height:10px\" aria-hidden=\"true\" class=\"wp-block-spacer\"><\/div>\n\n\n\n<figure class=\"wp-block-image aligncenter size-full\"><img loading=\"lazy\" decoding=\"async\" width=\"1500\" height=\"375\" src=\"https:\/\/reklameskolen.devz.no\/barneskole\/files\/2023\/06\/iStock-1128731767.jpg\" alt=\"Fotografi av to gutter som spiller dataspill. Den n\u00e6rmeste gutten har p\u00e5 seg briller og et gaming-headsett med mikrofonbom.\" class=\"wp-image-4228\" srcset=\"https:\/\/reklameskolen.devz.no\/barneskole\/files\/2023\/06\/iStock-1128731767.jpg 1500w, https:\/\/reklameskolen.devz.no\/barneskole\/files\/2023\/06\/iStock-1128731767-300x75.jpg 300w, https:\/\/reklameskolen.devz.no\/barneskole\/files\/2023\/06\/iStock-1128731767-1024x256.jpg 1024w, https:\/\/reklameskolen.devz.no\/barneskole\/files\/2023\/06\/iStock-1128731767-768x192.jpg 768w, https:\/\/reklameskolen.devz.no\/barneskole\/files\/2023\/06\/iStock-1128731767-150x38.jpg 150w\" sizes=\"auto, (max-width: 1500px) 100vw, 1500px\" \/><figcaption class=\"wp-element-caption\">Foto: Milan_Jovic\/iStock<\/figcaption><\/figure>\n\n\n\n<h1 class=\"wp-block-heading has-text-align-left\">Penger og produkter<\/h1>\n\n\n\n<div class=\"wp-block-columns is-layout-flex wp-container-core-columns-is-layout-28f84493 wp-block-columns-is-layout-flex\">\n<div class=\"wp-block-column is-layout-flow wp-block-column-is-layout-flow\" style=\"flex-basis:67%\">\n<p>Mange spillprodusenter tjener penger p\u00e5 reklame.&nbsp; Store firmaer betaler ofte masse penger for \u00e5 f\u00e5 plassert produkter og logoer i alle slags spill.\u202f\u202f&nbsp;<\/p>\n\n\n\n<p>N\u00e5r for eksempel et snowboard eller en jakke dukker opp i et spill, f\u00e5r spillere over hele verden se dette produktet. Kanskje du har f\u00e5tt lyst til \u00e5 kj\u00f8pe noe etter \u00e5 ha sett det i et spill?&nbsp;&nbsp;<\/p>\n\n\n\n<h2 class=\"wp-block-heading\">Dyre gratisspill<\/h2>\n\n\n\n<p>Selv om et spill er gratis \u00e5 laste ned, kan det bli dyrt likevel. I mange spill kan du kj\u00f8pe\u202fspillpenger,\u202fv\u00e5pen, skins eller andre ting. I noen spill er det nesten umulig \u00e5 gj\u00f8re det bra uten \u00e5 bruke penger.\u202f\u202f&nbsp;<\/p>\n\n\n\n<p>I noen spill kan man ogs\u00e5 kj\u00f8pe lootbokser\u202f. Produsentene frister ofte med at du kan f\u00e5 figurer eller utstyr som gj\u00f8r det lettere \u00e5 gj\u00f8re det bra i spillet. Men du vet ikke hva pakken faktisk inneholder f\u00f8r du har kj\u00f8pt den.\u202f&nbsp;<\/p>\n\n\n\n<p>Det er ikke all reklame i spill som er lov. Det er for eksempel forbudt \u00e5 bruke\u202fdirekte\u202fkj\u00f8psoppfordringer\u202frettet mot barn, ogs\u00e5 i spill.&nbsp;<\/p>\n<\/div>\n\n\n\n<div class=\"wp-block-column is-layout-flow wp-block-column-is-layout-flow\" style=\"flex-basis:33.33%\">\n<div class=\"wp-block-group is-style-fact-box is-layout-flow wp-block-group-is-layout-flow\">\n<h2 class=\"wp-block-heading has-palette-color-8-color has-text-color\">Ordliste<\/h2>\n\n\n\n<ul class=\"wp-block-list\">\n<li><strong>Lootboks:<\/strong>&nbsp;En slags vare du kan finne, vinne eller kj\u00f8pe i spill. Du vet ikke p\u00e5 forh\u00e5nd hva lootboksen inneholder.<\/li>\n\n\n\n<li><strong>Produktplassering:<\/strong>&nbsp;N\u00e5r et firma betaler for \u00e5 vise fram et produkt eller varemerke i en film, et TV-program eller et spill.&nbsp;<\/li>\n\n\n\n<li><strong>Spillpenger:<\/strong>&nbsp;En form for penger du kan bruke til \u00e5 kj\u00f8pe ting i et spill. <\/li>\n\n\n\n<li><strong>Skin:<\/strong>&nbsp;En slags tilleggspakke som endrer utseendet til karakterer eller gjenstander i spill.<\/li>\n<\/ul>\n<\/div>\n\n\n\n<div style=\"height:50px\" aria-hidden=\"true\" class=\"wp-block-spacer\"><\/div>\n\n\n\n<div style=\"height:50px\" aria-hidden=\"true\" class=\"wp-block-spacer\"><\/div>\n<\/div>\n<\/div>\n\n\n\n<div class=\"wp-block-group alignfull is-layout-flow wp-block-group-is-layout-flow\">\n<div class=\"wp-block-columns is-layout-flex wp-container-core-columns-is-layout-28f84493 wp-block-columns-is-layout-flex\">\n<div class=\"wp-block-column is-layout-flow wp-block-column-is-layout-flow\">\n<div class=\"wp-block-buttons is-content-justification-right is-layout-flex wp-container-core-buttons-is-layout-d445cf74 wp-block-buttons-is-layout-flex\">\n<div class=\"wp-block-button\"><a class=\"wp-block-button__link has-palette-color-8-color has-palette-color-3-background-color has-text-color has-background wp-element-button\" href=\"https:\/\/reklameskolen.devz.no\/barneskole\/reklame-i-spill\/\" style=\"padding-top:var(--wp--preset--spacing--40);padding-right:var(--wp--preset--spacing--40);padding-bottom:var(--wp--preset--spacing--40);padding-left:var(--wp--preset--spacing--40)\">Tilbake til &laquo;Reklame i spill&raquo;<\/a><\/div>\n<\/div>\n<\/div>\n\n\n\n<div class=\"wp-block-column is-layout-flow wp-block-column-is-layout-flow\">\n<div class=\"wp-block-buttons is-horizontal is-content-justification-left is-layout-flex wp-container-core-buttons-is-layout-20be11b6 wp-block-buttons-is-layout-flex\">\n<div class=\"wp-block-button\"><a class=\"wp-block-button__link has-palette-color-8-color has-palette-color-3-background-color has-text-color has-background wp-element-button\" href=\"https:\/\/reklameskolen.devz.no\/barneskole\/reklame-i-spill\/finn-reklamen\/\" style=\"padding-top:var(--wp--preset--spacing--40);padding-right:var(--wp--preset--spacing--40);padding-bottom:var(--wp--preset--spacing--40);padding-left:var(--wp--preset--spacing--40)\">Videre til &laquo;Finn reklamen&raquo;<\/a><\/div>\n<\/div>\n<\/div>\n<\/div>\n<\/div>\n\n\n\n<div style=\"height:30px\" aria-hidden=\"true\" class=\"wp-block-spacer\"><\/div>\n","protected":false},"excerpt":{"rendered":"<p>Penger og produkter Mange spillprodusenter tjener penger p\u00e5 reklame.&nbsp; Store firmaer betaler ofte masse penger for \u00e5 f\u00e5 plassert produkter og logoer i alle slags spill.\u202f\u202f&nbsp; N\u00e5r for eksempel et snowboard eller en jakke dukker opp i et spill, f\u00e5r spillere over hele verden se dette produktet. Kanskje du har f\u00e5tt lyst til \u00e5 kj\u00f8pe [&hellip;]<\/p>\n","protected":false},"author":10,"featured_media":0,"parent":3533,"menu_order":1,"comment_status":"closed","ping_status":"closed","template":"","meta":{"_acf_changed":false,"editor_notices":[],"footnotes":""},"class_list":["post-3535","page","type-page","status-publish","hentry"],"blocksy_meta":[],"acf":[],"yoast_head":"<!-- This site is optimized with the Yoast SEO plugin v25.9 - https:\/\/yoast.com\/wordpress\/plugins\/seo\/ -->\n<title>Penger og produkter - Barneskole<\/title>\n<meta name=\"robots\" content=\"index, follow, max-snippet:-1, max-image-preview:large, max-video-preview:-1\" \/>\n<link rel=\"canonical\" href=\"https:\/\/reklameskolen.devz.no\/barneskole\/reklame-i-spill\/penger-og-produkter\/\" \/>\n<meta property=\"og:locale\" content=\"nb_NO\" \/>\n<meta property=\"og:type\" content=\"article\" \/>\n<meta property=\"og:title\" content=\"Penger og produkter - Barneskole\" \/>\n<meta property=\"og:description\" content=\"Penger og produkter Mange spillprodusenter tjener penger p\u00e5 reklame.&nbsp; Store firmaer betaler ofte masse penger for \u00e5 f\u00e5 plassert produkter og logoer i alle slags spill.\u202f\u202f&nbsp; N\u00e5r for eksempel et snowboard eller en jakke dukker opp i et spill, f\u00e5r spillere over hele verden se dette produktet. Kanskje du har f\u00e5tt lyst til \u00e5 kj\u00f8pe [&hellip;]\" \/>\n<meta property=\"og:url\" content=\"https:\/\/reklameskolen.devz.no\/barneskole\/reklame-i-spill\/penger-og-produkter\/\" \/>\n<meta property=\"og:site_name\" content=\"Barneskole\" \/>\n<meta property=\"article:modified_time\" content=\"2023-11-27T09:47:23+00:00\" \/>\n<meta property=\"og:image\" content=\"https:\/\/reklameskolen.devz.no\/barneskole\/files\/2023\/06\/iStock-1128731767.jpg\" \/>\n\t<meta property=\"og:image:width\" content=\"1500\" \/>\n\t<meta property=\"og:image:height\" content=\"375\" \/>\n\t<meta property=\"og:image:type\" content=\"image\/jpeg\" \/>\n<meta name=\"twitter:card\" content=\"summary_large_image\" \/>\n<meta name=\"twitter:label1\" content=\"Ansl. lesetid\" \/>\n\t<meta name=\"twitter:data1\" content=\"1 minutt\" \/>\n<script type=\"application\/ld+json\" class=\"yoast-schema-graph\">{\"@context\":\"https:\/\/schema.org\",\"@graph\":[{\"@type\":\"WebPage\",\"@id\":\"https:\/\/reklameskolen.devz.no\/barneskole\/reklame-i-spill\/penger-og-produkter\/\",\"url\":\"https:\/\/reklameskolen.devz.no\/barneskole\/reklame-i-spill\/penger-og-produkter\/\",\"name\":\"Penger og produkter - Barneskole\",\"isPartOf\":{\"@id\":\"https:\/\/reklameskolen.devz.no\/barneskole\/#website\"},\"primaryImageOfPage\":{\"@id\":\"https:\/\/reklameskolen.devz.no\/barneskole\/reklame-i-spill\/penger-og-produkter\/#primaryimage\"},\"image\":{\"@id\":\"https:\/\/reklameskolen.devz.no\/barneskole\/reklame-i-spill\/penger-og-produkter\/#primaryimage\"},\"thumbnailUrl\":\"https:\/\/reklameskolen.devz.no\/barneskole\/files\/2023\/06\/iStock-1128731767.jpg\",\"datePublished\":\"2023-04-26T16:34:12+00:00\",\"dateModified\":\"2023-11-27T09:47:23+00:00\",\"breadcrumb\":{\"@id\":\"https:\/\/reklameskolen.devz.no\/barneskole\/reklame-i-spill\/penger-og-produkter\/#breadcrumb\"},\"inLanguage\":\"nb-NO\",\"potentialAction\":[{\"@type\":\"ReadAction\",\"target\":[\"https:\/\/reklameskolen.devz.no\/barneskole\/reklame-i-spill\/penger-og-produkter\/\"]}]},{\"@type\":\"ImageObject\",\"inLanguage\":\"nb-NO\",\"@id\":\"https:\/\/reklameskolen.devz.no\/barneskole\/reklame-i-spill\/penger-og-produkter\/#primaryimage\",\"url\":\"https:\/\/reklameskolen.devz.no\/barneskole\/files\/2023\/06\/iStock-1128731767.jpg\",\"contentUrl\":\"https:\/\/reklameskolen.devz.no\/barneskole\/files\/2023\/06\/iStock-1128731767.jpg\",\"width\":1500,\"height\":375,\"caption\":\"Two boys playing online games\"},{\"@type\":\"BreadcrumbList\",\"@id\":\"https:\/\/reklameskolen.devz.no\/barneskole\/reklame-i-spill\/penger-og-produkter\/#breadcrumb\",\"itemListElement\":[{\"@type\":\"ListItem\",\"position\":1,\"name\":\"Home\",\"item\":\"https:\/\/reklameskolen.devz.no\/barneskole\/\"},{\"@type\":\"ListItem\",\"position\":2,\"name\":\"Reklame i spill\",\"item\":\"https:\/\/reklameskolen.devz.no\/barneskole\/reklame-i-spill\/\"},{\"@type\":\"ListItem\",\"position\":3,\"name\":\"Penger og produkter\"}]},{\"@type\":\"WebSite\",\"@id\":\"https:\/\/reklameskolen.devz.no\/barneskole\/#website\",\"url\":\"https:\/\/reklameskolen.devz.no\/barneskole\/\",\"name\":\"Barneskole\",\"description\":\"Oppl\u00e6ringsverkt\u00f8y om reklame\",\"publisher\":{\"@id\":\"https:\/\/reklameskolen.devz.no\/barneskole\/#organization\"},\"potentialAction\":[{\"@type\":\"SearchAction\",\"target\":{\"@type\":\"EntryPoint\",\"urlTemplate\":\"https:\/\/reklameskolen.devz.no\/barneskole\/?s={search_term_string}\"},\"query-input\":{\"@type\":\"PropertyValueSpecification\",\"valueRequired\":true,\"valueName\":\"search_term_string\"}}],\"inLanguage\":\"nb-NO\"},{\"@type\":\"Organization\",\"@id\":\"https:\/\/reklameskolen.devz.no\/barneskole\/#organization\",\"name\":\"Barneskole\",\"url\":\"https:\/\/reklameskolen.devz.no\/barneskole\/\",\"logo\":{\"@type\":\"ImageObject\",\"inLanguage\":\"nb-NO\",\"@id\":\"https:\/\/reklameskolen.devz.no\/barneskole\/#\/schema\/logo\/image\/\",\"url\":\"https:\/\/reklameskolen.devz.no\/barneskole\/files\/2023\/08\/Reklameskolen-Logo-01.png\",\"contentUrl\":\"https:\/\/reklameskolen.devz.no\/barneskole\/files\/2023\/08\/Reklameskolen-Logo-01.png\",\"width\":2571,\"height\":950,\"caption\":\"Barneskole\"},\"image\":{\"@id\":\"https:\/\/reklameskolen.devz.no\/barneskole\/#\/schema\/logo\/image\/\"}}]}<\/script>\n<!-- \/ Yoast SEO plugin. -->","yoast_head_json":{"title":"Penger og produkter - Barneskole","robots":{"index":"index","follow":"follow","max-snippet":"max-snippet:-1","max-image-preview":"max-image-preview:large","max-video-preview":"max-video-preview:-1"},"canonical":"https:\/\/reklameskolen.devz.no\/barneskole\/reklame-i-spill\/penger-og-produkter\/","og_locale":"nb_NO","og_type":"article","og_title":"Penger og produkter - Barneskole","og_description":"Penger og produkter Mange spillprodusenter tjener penger p\u00e5 reklame.&nbsp; Store firmaer betaler ofte masse penger for \u00e5 f\u00e5 plassert produkter og logoer i alle slags spill.\u202f\u202f&nbsp; N\u00e5r for eksempel et snowboard eller en jakke dukker opp i et spill, f\u00e5r spillere over hele verden se dette produktet. Kanskje du har f\u00e5tt lyst til \u00e5 kj\u00f8pe [&hellip;]","og_url":"https:\/\/reklameskolen.devz.no\/barneskole\/reklame-i-spill\/penger-og-produkter\/","og_site_name":"Barneskole","article_modified_time":"2023-11-27T09:47:23+00:00","og_image":[{"width":1500,"height":375,"url":"https:\/\/reklameskolen.devz.no\/barneskole\/files\/2023\/06\/iStock-1128731767.jpg","type":"image\/jpeg"}],"twitter_card":"summary_large_image","twitter_misc":{"Ansl. lesetid":"1 minutt"},"schema":{"@context":"https:\/\/schema.org","@graph":[{"@type":"WebPage","@id":"https:\/\/reklameskolen.devz.no\/barneskole\/reklame-i-spill\/penger-og-produkter\/","url":"https:\/\/reklameskolen.devz.no\/barneskole\/reklame-i-spill\/penger-og-produkter\/","name":"Penger og produkter - Barneskole","isPartOf":{"@id":"https:\/\/reklameskolen.devz.no\/barneskole\/#website"},"primaryImageOfPage":{"@id":"https:\/\/reklameskolen.devz.no\/barneskole\/reklame-i-spill\/penger-og-produkter\/#primaryimage"},"image":{"@id":"https:\/\/reklameskolen.devz.no\/barneskole\/reklame-i-spill\/penger-og-produkter\/#primaryimage"},"thumbnailUrl":"https:\/\/reklameskolen.devz.no\/barneskole\/files\/2023\/06\/iStock-1128731767.jpg","datePublished":"2023-04-26T16:34:12+00:00","dateModified":"2023-11-27T09:47:23+00:00","breadcrumb":{"@id":"https:\/\/reklameskolen.devz.no\/barneskole\/reklame-i-spill\/penger-og-produkter\/#breadcrumb"},"inLanguage":"nb-NO","potentialAction":[{"@type":"ReadAction","target":["https:\/\/reklameskolen.devz.no\/barneskole\/reklame-i-spill\/penger-og-produkter\/"]}]},{"@type":"ImageObject","inLanguage":"nb-NO","@id":"https:\/\/reklameskolen.devz.no\/barneskole\/reklame-i-spill\/penger-og-produkter\/#primaryimage","url":"https:\/\/reklameskolen.devz.no\/barneskole\/files\/2023\/06\/iStock-1128731767.jpg","contentUrl":"https:\/\/reklameskolen.devz.no\/barneskole\/files\/2023\/06\/iStock-1128731767.jpg","width":1500,"height":375,"caption":"Two boys playing online games"},{"@type":"BreadcrumbList","@id":"https:\/\/reklameskolen.devz.no\/barneskole\/reklame-i-spill\/penger-og-produkter\/#breadcrumb","itemListElement":[{"@type":"ListItem","position":1,"name":"Home","item":"https:\/\/reklameskolen.devz.no\/barneskole\/"},{"@type":"ListItem","position":2,"name":"Reklame i spill","item":"https:\/\/reklameskolen.devz.no\/barneskole\/reklame-i-spill\/"},{"@type":"ListItem","position":3,"name":"Penger og produkter"}]},{"@type":"WebSite","@id":"https:\/\/reklameskolen.devz.no\/barneskole\/#website","url":"https:\/\/reklameskolen.devz.no\/barneskole\/","name":"Barneskole","description":"Oppl\u00e6ringsverkt\u00f8y om reklame","publisher":{"@id":"https:\/\/reklameskolen.devz.no\/barneskole\/#organization"},"potentialAction":[{"@type":"SearchAction","target":{"@type":"EntryPoint","urlTemplate":"https:\/\/reklameskolen.devz.no\/barneskole\/?s={search_term_string}"},"query-input":{"@type":"PropertyValueSpecification","valueRequired":true,"valueName":"search_term_string"}}],"inLanguage":"nb-NO"},{"@type":"Organization","@id":"https:\/\/reklameskolen.devz.no\/barneskole\/#organization","name":"Barneskole","url":"https:\/\/reklameskolen.devz.no\/barneskole\/","logo":{"@type":"ImageObject","inLanguage":"nb-NO","@id":"https:\/\/reklameskolen.devz.no\/barneskole\/#\/schema\/logo\/image\/","url":"https:\/\/reklameskolen.devz.no\/barneskole\/files\/2023\/08\/Reklameskolen-Logo-01.png","contentUrl":"https:\/\/reklameskolen.devz.no\/barneskole\/files\/2023\/08\/Reklameskolen-Logo-01.png","width":2571,"height":950,"caption":"Barneskole"},"image":{"@id":"https:\/\/reklameskolen.devz.no\/barneskole\/#\/schema\/logo\/image\/"}}]}},"_links":{"self":[{"href":"https:\/\/reklameskolen.devz.no\/barneskole\/wp-json\/wp\/v2\/pages\/3535","targetHints":{"allow":["GET"]}}],"collection":[{"href":"https:\/\/reklameskolen.devz.no\/barneskole\/wp-json\/wp\/v2\/pages"}],"about":[{"href":"https:\/\/reklameskolen.devz.no\/barneskole\/wp-json\/wp\/v2\/types\/page"}],"author":[{"embeddable":true,"href":"https:\/\/reklameskolen.devz.no\/barneskole\/wp-json\/wp\/v2\/users\/10"}],"replies":[{"embeddable":true,"href":"https:\/\/reklameskolen.devz.no\/barneskole\/wp-json\/wp\/v2\/comments?post=3535"}],"version-history":[{"count":29,"href":"https:\/\/reklameskolen.devz.no\/barneskole\/wp-json\/wp\/v2\/pages\/3535\/revisions"}],"predecessor-version":[{"id":4888,"href":"https:\/\/reklameskolen.devz.no\/barneskole\/wp-json\/wp\/v2\/pages\/3535\/revisions\/4888"}],"up":[{"embeddable":true,"href":"https:\/\/reklameskolen.devz.no\/barneskole\/wp-json\/wp\/v2\/pages\/3533"}],"wp:attachment":[{"href":"https:\/\/reklameskolen.devz.no\/barneskole\/wp-json\/wp\/v2\/media?parent=3535"}],"curies":[{"name":"wp","href":"https:\/\/api.w.org\/{rel}","templated":true}]}}