{"id":4966,"date":"2024-02-14T12:27:39","date_gmt":"2024-02-14T11:27:39","guid":{"rendered":"https:\/\/reklameskolen.devz.no\/barneskole\/?page_id=4966"},"modified":"2024-02-15T12:18:03","modified_gmt":"2024-02-15T11:18:03","slug":"til-foresatte","status":"publish","type":"page","link":"https:\/\/reklameskolen.devz.no\/barneskole\/til-foresatte\/","title":{"rendered":"Til foresatte"},"content":{"rendered":"\n<figure class=\"wp-block-image aligncenter size-full\"><img loading=\"lazy\" decoding=\"async\" width=\"2558\" height=\"640\" src=\"https:\/\/reklameskolen.devz.no\/barneskole\/files\/2023\/06\/joshua-earle-X_roZ7toBJY-unsplash-scaled-1.jpg\" alt=\"Gutt ser opp p\u00e5 reklamevegger i gate\" class=\"wp-image-4247\" srcset=\"https:\/\/reklameskolen.devz.no\/barneskole\/files\/2023\/06\/joshua-earle-X_roZ7toBJY-unsplash-scaled-1.jpg 2558w, https:\/\/reklameskolen.devz.no\/barneskole\/files\/2023\/06\/joshua-earle-X_roZ7toBJY-unsplash-scaled-1-300x75.jpg 300w, https:\/\/reklameskolen.devz.no\/barneskole\/files\/2023\/06\/joshua-earle-X_roZ7toBJY-unsplash-scaled-1-1024x256.jpg 1024w, https:\/\/reklameskolen.devz.no\/barneskole\/files\/2023\/06\/joshua-earle-X_roZ7toBJY-unsplash-scaled-1-768x192.jpg 768w, https:\/\/reklameskolen.devz.no\/barneskole\/files\/2023\/06\/joshua-earle-X_roZ7toBJY-unsplash-scaled-1-1536x384.jpg 1536w, https:\/\/reklameskolen.devz.no\/barneskole\/files\/2023\/06\/joshua-earle-X_roZ7toBJY-unsplash-scaled-1-2048x512.jpg 2048w, https:\/\/reklameskolen.devz.no\/barneskole\/files\/2023\/06\/joshua-earle-X_roZ7toBJY-unsplash-scaled-1-150x38.jpg 150w\" sizes=\"auto, (max-width: 2558px) 100vw, 2558px\" \/><\/figure>\n\n\n\n<h1 class=\"wp-block-heading\">Til foresatte<\/h1>\n\n\n\n<p>Barn og unge i dag m\u00f8ter reklame hele tiden. Overalt. I butikken, p\u00e5 skolen, i spill og ikke minst i sosiale medier. Det er viktigere enn noen gang at barn l\u00e6rer hvordan reklame fungerer, og hvordan den p\u00e5virker oss.&nbsp;&nbsp;<\/p>\n\n\n\n<p>Derfor har Forbrukertilsynet laget Reklameskolen \u2013 et digitalt oppl\u00e6ringsverkt\u00f8y om reklame. Reklameskolen har egne sider for barne- og ungdomsskolen, og vi er n\u00e5 i gang med \u00e5 utvikle en egen versjon for videreg\u00e5ende skole. Barneskoleversjonen er tilpasset barn i alderen fra ti til tolv. &nbsp;<\/p>\n\n\n\n<p>Reklameskolen er f\u00f8rst og fremst utviklet til bruk p\u00e5 skolen, men innholdet kan godt brukes hjemme ogs\u00e5.<\/p>\n\n\n\n<h2 class=\"wp-block-heading\">Oppgaver<\/h2>\n\n\n\n<p>Vi har laget en lang rekke interaktive oppgaver til Reklameskolen. Noen av oppgavene er basert p\u00e5 virkelige, og aktuelle reklameeksempler. I andre oppgaver har vi brukt illustrasjoner tilpasset m\u00e5lgruppen. <\/p>\n\n\n\n<div class=\"wp-block-columns is-layout-flex wp-container-core-columns-is-layout-28f84493 wp-block-columns-is-layout-flex\">\n<div class=\"wp-block-column is-layout-flow wp-block-column-is-layout-flow\" style=\"flex-basis:40%\">\n<figure class=\"wp-block-image aligncenter size-full is-resized\"><a href=\"https:\/\/reklameskolen.devz.no\/barneskole\/reklame-i-sosiale-medier\/en-dag-i-mitt-liv\/\"><img loading=\"lazy\" decoding=\"async\" src=\"https:\/\/reklameskolen.devz.no\/barneskole\/files\/2024\/01\/En-dag-i-mitt-liv-\u2013-LIte.jpg\" alt=\"Skjermdump av oppgaven &quot;En dag i mitt liv&quot; fra Reklameskolen. \" class=\"wp-image-4927\" width=\"1289\" height=\"725\" srcset=\"https:\/\/reklameskolen.devz.no\/barneskole\/files\/2024\/01\/En-dag-i-mitt-liv-\u2013-LIte.jpg 873w, https:\/\/reklameskolen.devz.no\/barneskole\/files\/2024\/01\/En-dag-i-mitt-liv-\u2013-LIte-300x169.jpg 300w, https:\/\/reklameskolen.devz.no\/barneskole\/files\/2024\/01\/En-dag-i-mitt-liv-\u2013-LIte-768x432.jpg 768w, https:\/\/reklameskolen.devz.no\/barneskole\/files\/2024\/01\/En-dag-i-mitt-liv-\u2013-LIte-150x84.jpg 150w\" sizes=\"auto, (max-width: 1289px) 100vw, 1289px\" \/><\/a><figcaption class=\"wp-element-caption\">I <a href=\"https:\/\/reklameskolen.devz.no\/barneskole\/reklame-i-sosiale-medier\/en-dag-i-mitt-liv\/\">denne oppgaven<\/a> skal barna f\u00f8lge en fiktiv influenser gjennom en hel dag. Klarer de \u00e5 se hvor mye av det hun legger ut som er reklame?<\/figcaption><\/figure>\n<\/div>\n\n\n\n<div class=\"wp-block-column is-layout-flow wp-block-column-is-layout-flow\" style=\"flex-basis:60%\">\n<p>Barna kan jobbe med oppgavene p\u00e5 egenh\u00e5nd, eller dere kan pr\u00f8ve \u00e5 l\u00f8se dem sammen. Det kan v\u00e6re en fin inngang til gode og interessante samtaler om reklame. <\/p>\n\n\n\n<p>Klarer dere for eksempel \u00e5 finne all reklamen i <a rel=\"noreferrer noopener\" href=\"https:\/\/reklameskolen.devz.no\/barneskole\/reklame-i-spill\/finn-reklamen\/\" target=\"_blank\">disse spillene<\/a>? <\/p>\n\n\n\n<p>Og ser dere hvem som er annons\u00f8ren bak reklamen p\u00e5 <a rel=\"noreferrer noopener\" href=\"https:\/\/reklameskolen.devz.no\/barneskole\/hvem-sier-hva-til-hvem\/finn-annonsoren\/\" target=\"_blank\">disse bildene<\/a>? <\/p>\n\n\n\n<p>Kanskje kan barna mer enn dere voksne!&nbsp;<\/p>\n\n\n\n<p><a rel=\"noreferrer noopener\" href=\"https:\/\/reklameskolen.devz.no\/barneskole\/oppgaver\/\" target=\"_blank\">Du finner en oversikt over alle oppgavene her.<\/a>&nbsp;<\/p>\n<\/div>\n<\/div>\n\n\n\n<h2 class=\"wp-block-heading\">Videoer<\/h2>\n\n\n\n<p>Lurer du p\u00e5 hvordan du kan snakke med barna om reklame? Kanskje kan det v\u00e6re en god start \u00e5 se en liten videosnutt sammen?<\/p>\n\n\n\n<div class=\"wp-block-columns is-layout-flex wp-container-core-columns-is-layout-28f84493 wp-block-columns-is-layout-flex\">\n<div class=\"wp-block-column is-layout-flow wp-block-column-is-layout-flow\" style=\"flex-basis:10%\"><\/div>\n\n\n\n<div class=\"wp-block-column is-layout-flow wp-block-column-is-layout-flow\" style=\"flex-basis:60%\">\n<iframe loading=\"lazy\" width=\"1268\" height=\"400\" src=\"https:\/\/www.youtube.com\/embed\/eHprusVV-h8?list=PLSeiJ4Po2hVXUFUxePJYkpuww1ipe17-G&#038;rel=0\" title=\"Reklameskolen\" frameborder=\"0\" allow=\"accelerometer; autoplay; clipboard-write; encrypted-media; gyroscope; picture-in-picture; web-share\" allowfullscreen><\/iframe>\n<\/div>\n\n\n\n<div class=\"wp-block-column is-layout-flow wp-block-column-is-layout-flow\" style=\"flex-basis:30%\"><\/div>\n<\/div>\n\n\n\n<p>Til Reklameskolen har vi f\u00e5tt laget en rekke videosnutter om flere viktige temaer. Fra virkemidler i reklame til reklame i spill.&nbsp;<\/p>\n\n\n\n<p><a href=\"https:\/\/reklameskolen.devz.no\/barneskole\/videoer\/\" target=\"_blank\" rel=\"noreferrer noopener\">Du finner en oversikt over alle videoene her.<\/a>&nbsp;<\/p>\n\n\n\n<h2 class=\"wp-block-heading\">Digitale arenaer&nbsp;<\/h2>\n\n\n\n<p>Barn i dag lever i en helt annen mediehverdag enn tidligere generasjoner. I tillegg til de tradisjonelle mediekanalene som tv, radio og reklameplakater, m\u00f8ter barn mye reklame i digitale arenaer. Mange barn bruker for eksempel mye tid p\u00e5 spill og sosiale medier. Derfor har Reklameskolen egne temasider om disse temaene.&nbsp;<\/p>\n\n\n\n<div class=\"wp-block-columns is-layout-flex wp-container-core-columns-is-layout-28f84493 wp-block-columns-is-layout-flex\">\n<div class=\"wp-block-column is-layout-flow wp-block-column-is-layout-flow\" style=\"flex-basis:15%\">\n<div style=\"height:65px\" aria-hidden=\"true\" class=\"wp-block-spacer\"><\/div>\n\n\n\n<figure class=\"wp-block-image size-full\"><a href=\"https:\/\/reklameskolen.devz.no\/barneskole\/reklame-i-sosiale-medier\/\"><img loading=\"lazy\" decoding=\"async\" width=\"702\" height=\"638\" src=\"https:\/\/reklameskolen.devz.no\/barneskole\/files\/2023\/05\/Reklameskolen-Ikoner-morkebla-15.png\" alt=\"Illustrasjon av mobiltelefon med tommel opp\" class=\"wp-image-3906\" srcset=\"https:\/\/reklameskolen.devz.no\/barneskole\/files\/2023\/05\/Reklameskolen-Ikoner-morkebla-15.png 702w, https:\/\/reklameskolen.devz.no\/barneskole\/files\/2023\/05\/Reklameskolen-Ikoner-morkebla-15-300x273.png 300w, https:\/\/reklameskolen.devz.no\/barneskole\/files\/2023\/05\/Reklameskolen-Ikoner-morkebla-15-150x136.png 150w\" sizes=\"auto, (max-width: 702px) 100vw, 702px\" \/><\/a><\/figure>\n<\/div>\n\n\n\n<div class=\"wp-block-column is-layout-flow wp-block-column-is-layout-flow\" style=\"flex-basis:85%\">\n<h3 class=\"wp-block-heading\"><a href=\"https:\/\/reklameskolen.devz.no\/barneskole\/reklame-i-sosiale-medier\/\">Sosiale medier<\/a><\/h3>\n\n\n\n<p>Mange barn er fullstendig klare over at sosiale medier er fulle av reklame. Mange er ogs\u00e5 kritiske til reklamepresset. <a href=\"https:\/\/www.medietilsynet.no\/globalassets\/publikasjoner\/barn-og-medier-undersokelser\/2022\/230412_reklame-og-influensere.pdf\" target=\"_blank\" rel=\"noreferrer noopener\">En unders\u00f8kelse fra Medietilsynet<\/a> viser for eksempel at sju av ti unge brukere av sosiale medier (9\u201318-\u00e5ringer) selv mener de f\u00e5r for mye reklame. Likevel er det mye de ikke vet om hvordan influensere og annons\u00f8rer jobber for \u00e5 p\u00e5virke dem. <\/p>\n\n\n\n<p>P\u00e5 <a rel=\"noreferrer noopener\" href=\"https:\/\/reklameskolen.devz.no\/barneskole\/reklame-i-sosiale-medier\/\" target=\"_blank\">temasidene v\u00e5re om reklame i sosiale medier<\/a> kan barna l\u00e6re mer om dette gjennom video og tekst, og teste kunnskapene gjennom interaktive oppgaver. Kanskje kan dere voksne ogs\u00e5 l\u00e6re noe nytt?&nbsp;&nbsp;<\/p>\n<\/div>\n<\/div>\n\n\n\n<div class=\"wp-block-columns is-layout-flex wp-container-core-columns-is-layout-28f84493 wp-block-columns-is-layout-flex\">\n<div class=\"wp-block-column is-layout-flow wp-block-column-is-layout-flow\" style=\"flex-basis:15%\">\n<div style=\"height:50px\" aria-hidden=\"true\" class=\"wp-block-spacer\"><\/div>\n\n\n\n<figure class=\"wp-block-image size-full\"><a href=\"https:\/\/reklameskolen.devz.no\/barneskole\/reklame-i-spill\/\"><img loading=\"lazy\" decoding=\"async\" width=\"702\" height=\"638\" src=\"https:\/\/reklameskolen.devz.no\/barneskole\/files\/2023\/05\/Reklameskolen-Ikoner-morkebla-16.png\" alt=\"Illustrasjon av en spillkontroller\" class=\"wp-image-3905\" srcset=\"https:\/\/reklameskolen.devz.no\/barneskole\/files\/2023\/05\/Reklameskolen-Ikoner-morkebla-16.png 702w, https:\/\/reklameskolen.devz.no\/barneskole\/files\/2023\/05\/Reklameskolen-Ikoner-morkebla-16-300x273.png 300w, https:\/\/reklameskolen.devz.no\/barneskole\/files\/2023\/05\/Reklameskolen-Ikoner-morkebla-16-150x136.png 150w\" sizes=\"auto, (max-width: 702px) 100vw, 702px\" \/><\/a><\/figure>\n<\/div>\n\n\n\n<div class=\"wp-block-column is-layout-flow wp-block-column-is-layout-flow\" style=\"flex-basis:85%\">\n<h3 class=\"wp-block-heading\"><a href=\"https:\/\/reklameskolen.devz.no\/barneskole\/reklame-i-spill\/\">Reklame i spill<\/a><\/h3>\n\n\n\n<p>Mange barn spiller spill p\u00e5 PC, mobil, iPad, PlayStation eller lignende. For mange er dette en m\u00e5te \u00e5 koble av fra hverdagen p\u00e5. For andre er det en fin arena for \u00e5 m\u00f8te venner og l\u00e6re seg nye ferdigheter. <\/p>\n\n\n\n<p>Men i dag er spill ogs\u00e5 en viktig reklamekanal. P\u00e5 <a href=\"https:\/\/reklameskolen.devz.no\/barneskole\/reklame-i-spill\/\">temasidene v\u00e5re om spill<\/a> kan dere l\u00e6re om hvordan reklame blir brukt i spill, og om hvordan mange spillselskaper pr\u00f8ver \u00e5 f\u00e5 spillerne til \u00e5 bruke mest mulig penger i spillet. &nbsp;<\/p>\n<\/div>\n<\/div>\n\n\n\n<p>Reklameskolen inneholder ogs\u00e5 videoer, tekster og oppgaver om en lang rekke andre temaer. Dere kan for eksempel l\u00e6re om <a href=\"https:\/\/reklameskolen.devz.no\/barneskole\/reklame-i-butikken\/\">reklame i butikken<\/a> og <a href=\"https:\/\/reklameskolen.devz.no\/barneskole\/reklame-pa-skolen\/\">p\u00e5 skolen,<\/a> om <a href=\"https:\/\/reklameskolen.devz.no\/barneskole\/varemerker-og-merkevarer\/\">sponsing og merkevarebygging<\/a> og om <a href=\"https:\/\/reklameskolen.devz.no\/barneskole\/bilder-som-lyver\/\">retusjerte bilder i reklame<\/a>.\u00a0<\/p>\n\n\n\n<p>Vi h\u00e5per Reklameskolen kan v\u00e6re et interessant nyttig og viktig tilbud for b\u00e5de liten og stor.&nbsp;<\/p>\n\n\n\n<div style=\"height:40px\" aria-hidden=\"true\" class=\"wp-block-spacer\"><\/div>\n","protected":false},"excerpt":{"rendered":"<p>Til foresatte Barn og unge i dag m\u00f8ter reklame hele tiden. Overalt. I butikken, p\u00e5 skolen, i spill og ikke minst i sosiale medier. Det er viktigere enn noen gang at barn l\u00e6rer hvordan reklame fungerer, og hvordan den p\u00e5virker oss.&nbsp;&nbsp; Derfor har Forbrukertilsynet laget Reklameskolen \u2013 et digitalt oppl\u00e6ringsverkt\u00f8y om reklame. Reklameskolen har egne [&hellip;]<\/p>\n","protected":false},"author":4,"featured_media":0,"parent":0,"menu_order":0,"comment_status":"closed","ping_status":"closed","template":"","meta":{"_acf_changed":false,"editor_notices":[],"footnotes":""},"class_list":["post-4966","page","type-page","status-publish","hentry"],"blocksy_meta":[],"acf":[],"yoast_head":"<!-- This site is optimized with the Yoast SEO plugin v25.9 - https:\/\/yoast.com\/wordpress\/plugins\/seo\/ -->\n<title>Til foresatte - Barneskole<\/title>\n<meta name=\"robots\" content=\"index, follow, max-snippet:-1, max-image-preview:large, max-video-preview:-1\" \/>\n<link rel=\"canonical\" href=\"https:\/\/reklameskolen.devz.no\/barneskole\/til-foresatte\/\" \/>\n<meta property=\"og:locale\" content=\"nb_NO\" \/>\n<meta property=\"og:type\" content=\"article\" \/>\n<meta property=\"og:title\" content=\"Til foresatte - Barneskole\" \/>\n<meta property=\"og:description\" content=\"Til foresatte Barn og unge i dag m\u00f8ter reklame hele tiden. Overalt. I butikken, p\u00e5 skolen, i spill og ikke minst i sosiale medier. Det er viktigere enn noen gang at barn l\u00e6rer hvordan reklame fungerer, og hvordan den p\u00e5virker oss.&nbsp;&nbsp; Derfor har Forbrukertilsynet laget Reklameskolen \u2013 et digitalt oppl\u00e6ringsverkt\u00f8y om reklame. Reklameskolen har egne [&hellip;]\" \/>\n<meta property=\"og:url\" content=\"https:\/\/reklameskolen.devz.no\/barneskole\/til-foresatte\/\" \/>\n<meta property=\"og:site_name\" content=\"Barneskole\" \/>\n<meta property=\"article:modified_time\" content=\"2024-02-15T11:18:03+00:00\" \/>\n<meta property=\"og:image\" content=\"https:\/\/reklameskolen.devz.no\/barneskole\/files\/2023\/06\/joshua-earle-X_roZ7toBJY-unsplash-scaled-1.jpg\" \/>\n\t<meta property=\"og:image:width\" content=\"2558\" \/>\n\t<meta property=\"og:image:height\" content=\"640\" \/>\n\t<meta property=\"og:image:type\" content=\"image\/jpeg\" \/>\n<meta name=\"twitter:card\" content=\"summary_large_image\" \/>\n<meta name=\"twitter:label1\" content=\"Ansl. lesetid\" \/>\n\t<meta name=\"twitter:data1\" content=\"3 minutter\" \/>\n<script type=\"application\/ld+json\" class=\"yoast-schema-graph\">{\"@context\":\"https:\/\/schema.org\",\"@graph\":[{\"@type\":\"WebPage\",\"@id\":\"https:\/\/reklameskolen.devz.no\/barneskole\/til-foresatte\/\",\"url\":\"https:\/\/reklameskolen.devz.no\/barneskole\/til-foresatte\/\",\"name\":\"Til foresatte - Barneskole\",\"isPartOf\":{\"@id\":\"https:\/\/reklameskolen.devz.no\/barneskole\/#website\"},\"primaryImageOfPage\":{\"@id\":\"https:\/\/reklameskolen.devz.no\/barneskole\/til-foresatte\/#primaryimage\"},\"image\":{\"@id\":\"https:\/\/reklameskolen.devz.no\/barneskole\/til-foresatte\/#primaryimage\"},\"thumbnailUrl\":\"https:\/\/reklameskolen.devz.no\/barneskole\/files\/2023\/06\/joshua-earle-X_roZ7toBJY-unsplash-scaled-1.jpg\",\"datePublished\":\"2024-02-14T11:27:39+00:00\",\"dateModified\":\"2024-02-15T11:18:03+00:00\",\"breadcrumb\":{\"@id\":\"https:\/\/reklameskolen.devz.no\/barneskole\/til-foresatte\/#breadcrumb\"},\"inLanguage\":\"nb-NO\",\"potentialAction\":[{\"@type\":\"ReadAction\",\"target\":[\"https:\/\/reklameskolen.devz.no\/barneskole\/til-foresatte\/\"]}]},{\"@type\":\"ImageObject\",\"inLanguage\":\"nb-NO\",\"@id\":\"https:\/\/reklameskolen.devz.no\/barneskole\/til-foresatte\/#primaryimage\",\"url\":\"https:\/\/reklameskolen.devz.no\/barneskole\/files\/2023\/06\/joshua-earle-X_roZ7toBJY-unsplash-scaled-1.jpg\",\"contentUrl\":\"https:\/\/reklameskolen.devz.no\/barneskole\/files\/2023\/06\/joshua-earle-X_roZ7toBJY-unsplash-scaled-1.jpg\",\"width\":2558,\"height\":640,\"caption\":\"Foto: Joshua Earle\/Unsplash.\"},{\"@type\":\"BreadcrumbList\",\"@id\":\"https:\/\/reklameskolen.devz.no\/barneskole\/til-foresatte\/#breadcrumb\",\"itemListElement\":[{\"@type\":\"ListItem\",\"position\":1,\"name\":\"Home\",\"item\":\"https:\/\/reklameskolen.devz.no\/barneskole\/\"},{\"@type\":\"ListItem\",\"position\":2,\"name\":\"Til foresatte\"}]},{\"@type\":\"WebSite\",\"@id\":\"https:\/\/reklameskolen.devz.no\/barneskole\/#website\",\"url\":\"https:\/\/reklameskolen.devz.no\/barneskole\/\",\"name\":\"Barneskole\",\"description\":\"Oppl\u00e6ringsverkt\u00f8y om reklame\",\"publisher\":{\"@id\":\"https:\/\/reklameskolen.devz.no\/barneskole\/#organization\"},\"potentialAction\":[{\"@type\":\"SearchAction\",\"target\":{\"@type\":\"EntryPoint\",\"urlTemplate\":\"https:\/\/reklameskolen.devz.no\/barneskole\/?s={search_term_string}\"},\"query-input\":{\"@type\":\"PropertyValueSpecification\",\"valueRequired\":true,\"valueName\":\"search_term_string\"}}],\"inLanguage\":\"nb-NO\"},{\"@type\":\"Organization\",\"@id\":\"https:\/\/reklameskolen.devz.no\/barneskole\/#organization\",\"name\":\"Barneskole\",\"url\":\"https:\/\/reklameskolen.devz.no\/barneskole\/\",\"logo\":{\"@type\":\"ImageObject\",\"inLanguage\":\"nb-NO\",\"@id\":\"https:\/\/reklameskolen.devz.no\/barneskole\/#\/schema\/logo\/image\/\",\"url\":\"https:\/\/reklameskolen.devz.no\/barneskole\/files\/2023\/08\/Reklameskolen-Logo-01.png\",\"contentUrl\":\"https:\/\/reklameskolen.devz.no\/barneskole\/files\/2023\/08\/Reklameskolen-Logo-01.png\",\"width\":2571,\"height\":950,\"caption\":\"Barneskole\"},\"image\":{\"@id\":\"https:\/\/reklameskolen.devz.no\/barneskole\/#\/schema\/logo\/image\/\"}}]}<\/script>\n<!-- \/ Yoast SEO plugin. -->","yoast_head_json":{"title":"Til foresatte - Barneskole","robots":{"index":"index","follow":"follow","max-snippet":"max-snippet:-1","max-image-preview":"max-image-preview:large","max-video-preview":"max-video-preview:-1"},"canonical":"https:\/\/reklameskolen.devz.no\/barneskole\/til-foresatte\/","og_locale":"nb_NO","og_type":"article","og_title":"Til foresatte - Barneskole","og_description":"Til foresatte Barn og unge i dag m\u00f8ter reklame hele tiden. Overalt. I butikken, p\u00e5 skolen, i spill og ikke minst i sosiale medier. Det er viktigere enn noen gang at barn l\u00e6rer hvordan reklame fungerer, og hvordan den p\u00e5virker oss.&nbsp;&nbsp; Derfor har Forbrukertilsynet laget Reklameskolen \u2013 et digitalt oppl\u00e6ringsverkt\u00f8y om reklame. Reklameskolen har egne [&hellip;]","og_url":"https:\/\/reklameskolen.devz.no\/barneskole\/til-foresatte\/","og_site_name":"Barneskole","article_modified_time":"2024-02-15T11:18:03+00:00","og_image":[{"width":2558,"height":640,"url":"https:\/\/reklameskolen.devz.no\/barneskole\/files\/2023\/06\/joshua-earle-X_roZ7toBJY-unsplash-scaled-1.jpg","type":"image\/jpeg"}],"twitter_card":"summary_large_image","twitter_misc":{"Ansl. lesetid":"3 minutter"},"schema":{"@context":"https:\/\/schema.org","@graph":[{"@type":"WebPage","@id":"https:\/\/reklameskolen.devz.no\/barneskole\/til-foresatte\/","url":"https:\/\/reklameskolen.devz.no\/barneskole\/til-foresatte\/","name":"Til foresatte - Barneskole","isPartOf":{"@id":"https:\/\/reklameskolen.devz.no\/barneskole\/#website"},"primaryImageOfPage":{"@id":"https:\/\/reklameskolen.devz.no\/barneskole\/til-foresatte\/#primaryimage"},"image":{"@id":"https:\/\/reklameskolen.devz.no\/barneskole\/til-foresatte\/#primaryimage"},"thumbnailUrl":"https:\/\/reklameskolen.devz.no\/barneskole\/files\/2023\/06\/joshua-earle-X_roZ7toBJY-unsplash-scaled-1.jpg","datePublished":"2024-02-14T11:27:39+00:00","dateModified":"2024-02-15T11:18:03+00:00","breadcrumb":{"@id":"https:\/\/reklameskolen.devz.no\/barneskole\/til-foresatte\/#breadcrumb"},"inLanguage":"nb-NO","potentialAction":[{"@type":"ReadAction","target":["https:\/\/reklameskolen.devz.no\/barneskole\/til-foresatte\/"]}]},{"@type":"ImageObject","inLanguage":"nb-NO","@id":"https:\/\/reklameskolen.devz.no\/barneskole\/til-foresatte\/#primaryimage","url":"https:\/\/reklameskolen.devz.no\/barneskole\/files\/2023\/06\/joshua-earle-X_roZ7toBJY-unsplash-scaled-1.jpg","contentUrl":"https:\/\/reklameskolen.devz.no\/barneskole\/files\/2023\/06\/joshua-earle-X_roZ7toBJY-unsplash-scaled-1.jpg","width":2558,"height":640,"caption":"Foto: Joshua Earle\/Unsplash."},{"@type":"BreadcrumbList","@id":"https:\/\/reklameskolen.devz.no\/barneskole\/til-foresatte\/#breadcrumb","itemListElement":[{"@type":"ListItem","position":1,"name":"Home","item":"https:\/\/reklameskolen.devz.no\/barneskole\/"},{"@type":"ListItem","position":2,"name":"Til foresatte"}]},{"@type":"WebSite","@id":"https:\/\/reklameskolen.devz.no\/barneskole\/#website","url":"https:\/\/reklameskolen.devz.no\/barneskole\/","name":"Barneskole","description":"Oppl\u00e6ringsverkt\u00f8y om reklame","publisher":{"@id":"https:\/\/reklameskolen.devz.no\/barneskole\/#organization"},"potentialAction":[{"@type":"SearchAction","target":{"@type":"EntryPoint","urlTemplate":"https:\/\/reklameskolen.devz.no\/barneskole\/?s={search_term_string}"},"query-input":{"@type":"PropertyValueSpecification","valueRequired":true,"valueName":"search_term_string"}}],"inLanguage":"nb-NO"},{"@type":"Organization","@id":"https:\/\/reklameskolen.devz.no\/barneskole\/#organization","name":"Barneskole","url":"https:\/\/reklameskolen.devz.no\/barneskole\/","logo":{"@type":"ImageObject","inLanguage":"nb-NO","@id":"https:\/\/reklameskolen.devz.no\/barneskole\/#\/schema\/logo\/image\/","url":"https:\/\/reklameskolen.devz.no\/barneskole\/files\/2023\/08\/Reklameskolen-Logo-01.png","contentUrl":"https:\/\/reklameskolen.devz.no\/barneskole\/files\/2023\/08\/Reklameskolen-Logo-01.png","width":2571,"height":950,"caption":"Barneskole"},"image":{"@id":"https:\/\/reklameskolen.devz.no\/barneskole\/#\/schema\/logo\/image\/"}}]}},"_links":{"self":[{"href":"https:\/\/reklameskolen.devz.no\/barneskole\/wp-json\/wp\/v2\/pages\/4966","targetHints":{"allow":["GET"]}}],"collection":[{"href":"https:\/\/reklameskolen.devz.no\/barneskole\/wp-json\/wp\/v2\/pages"}],"about":[{"href":"https:\/\/reklameskolen.devz.no\/barneskole\/wp-json\/wp\/v2\/types\/page"}],"author":[{"embeddable":true,"href":"https:\/\/reklameskolen.devz.no\/barneskole\/wp-json\/wp\/v2\/users\/4"}],"replies":[{"embeddable":true,"href":"https:\/\/reklameskolen.devz.no\/barneskole\/wp-json\/wp\/v2\/comments?post=4966"}],"version-history":[{"count":61,"href":"https:\/\/reklameskolen.devz.no\/barneskole\/wp-json\/wp\/v2\/pages\/4966\/revisions"}],"predecessor-version":[{"id":5032,"href":"https:\/\/reklameskolen.devz.no\/barneskole\/wp-json\/wp\/v2\/pages\/4966\/revisions\/5032"}],"wp:attachment":[{"href":"https:\/\/reklameskolen.devz.no\/barneskole\/wp-json\/wp\/v2\/media?parent=4966"}],"curies":[{"name":"wp","href":"https:\/\/api.w.org\/{rel}","templated":true}]}}