{"id":171,"date":"2021-12-09T08:58:11","date_gmt":"2021-12-09T07:58:11","guid":{"rendered":"https:\/\/reklameskolen.devz.no\/?page_id=171"},"modified":"2024-08-20T13:46:05","modified_gmt":"2024-08-20T11:46:05","slug":"direktemarkedsforing","status":"publish","type":"page","link":"https:\/\/reklameskolen.devz.no\/ungdomsskole\/andre-temaer\/direktemarkedsforing\/","title":{"rendered":"Reklame rett hjem"},"content":{"rendered":"\n<h1 class=\"wp-block-heading\" id=\"direktemarkedsforing-telefonsalg-reklame-i-posten-e-post-og-sms\">Reklame rett hjem<\/h1>\n\n\n\n<p>Du har kanskje hentet posten hjemme og oppdaget at postkassen er full av reklame, eller opplevd at det har ringt telefonselgere til foreldrene dine. Denne type markedsf\u00f8ring kalles \u00abdirektemarkedsf\u00f8ring\u00bb. Det vil si at selgere tar direkte kontakt med s\u00e5 mange som mulig for \u00e5 fors\u00f8ke \u00e5 selge varene sine. Dette kan for eksempel gj\u00f8res via telefonsalg, reklame i postkassen eller at de sender deg en e-post eller SMS med ulike tilbud.&nbsp;<\/p>\n\n\n\n<p>Det er strenge regler for n\u00e5r og hvordan selgere kan ta kontakt med deg. Du har ogs\u00e5 mulighet til \u00e5 reservere deg mot slik reklame.&nbsp;<\/p>\n\n\n\n<div style=\"height:42px\" aria-hidden=\"true\" class=\"wp-block-spacer\"><\/div>\n\n\n\n<h3 class=\"wp-block-heading has-medium-font-size\" id=\"telefonsalg-1\" style=\"font-style:normal;font-weight:700;text-transform:capitalize\"><strong>Telefonsalg<\/strong><\/h3>\n\n\n\n<div class=\"wp-block-columns is-layout-flex wp-container-core-columns-is-layout-28f84493 wp-block-columns-is-layout-flex\">\n<div class=\"wp-block-column is-layout-flow wp-block-column-is-layout-flow\" style=\"flex-basis:33.33%\">\n<figure class=\"wp-block-image size-large is-resized\"><img loading=\"lazy\" decoding=\"async\" src=\"https:\/\/reklameskolen.devz.no\/wp-content\/uploads\/sites\/7\/2022\/02\/patricia-zavala-DAA6PTVYKz4-unsplash-1024x757.jpg\" alt=\"N\u00e6rbilde av en ung kvinne med m\u00f8rkt h\u00e5r som snakker i en mobiltelefon.\" class=\"wp-image-874\" width=\"418\" height=\"309\" srcset=\"https:\/\/reklameskolen.devz.no\/ungdomsskole\/files\/2022\/02\/patricia-zavala-DAA6PTVYKz4-unsplash-1024x757.jpg 1024w, https:\/\/reklameskolen.devz.no\/ungdomsskole\/files\/2022\/02\/patricia-zavala-DAA6PTVYKz4-unsplash-300x222.jpg 300w, https:\/\/reklameskolen.devz.no\/ungdomsskole\/files\/2022\/02\/patricia-zavala-DAA6PTVYKz4-unsplash-768x567.jpg 768w, https:\/\/reklameskolen.devz.no\/ungdomsskole\/files\/2022\/02\/patricia-zavala-DAA6PTVYKz4-unsplash-1536x1135.jpg 1536w, https:\/\/reklameskolen.devz.no\/ungdomsskole\/files\/2022\/02\/patricia-zavala-DAA6PTVYKz4-unsplash-2048x1513.jpg 2048w, https:\/\/reklameskolen.devz.no\/ungdomsskole\/files\/2022\/02\/patricia-zavala-DAA6PTVYKz4-unsplash-150x111.jpg 150w\" sizes=\"auto, (max-width: 418px) 100vw, 418px\" \/><figcaption class=\"wp-element-caption\">Foto: Patricia Zavala\/unsplash<\/figcaption><\/figure>\n\n\n\n<div class=\"wp-block-group is-style-tableofcontent is-layout-flow wp-block-group-is-layout-flow\">\n<p><\/p>\n<\/div>\n<\/div>\n\n\n\n<div class=\"wp-block-column is-layout-flow wp-block-column-is-layout-flow\" style=\"flex-basis:66.66%\">\n<p>Du husker kanskje forbudet mot direkte kj\u00f8psoppfordringer til mindre\u00e5rige? Dette er heller ikke tillatt over telefon. Telefonselgere skal derfor ikke ringe til deg under 18 \u00e5r for \u00e5 f\u00e5 deg til \u00e5 kj\u00f8pe produkter eller tjenester. Forbrukere som vil unng\u00e5 \u00e5 bli oppringt av telefonselgere kan reservere seg mot dette i noe som heter Reservasjonsregisteret.<\/p>\n\n\n\n<p>Telefonselgere har ikke lov til \u00e5 ringe forbrukere som har reservert seg i Reservasjonsregisteret.&nbsp;En n\u00e6ringsdrivende har likevel lov til \u00e5 ringe forbrukere som har bedt om \u00e5 bli oppringt eller som de har et kundeforhold til. &nbsp;<br>&nbsp;<br>Det er ogs\u00e5 mulig \u00e5 reservere seg direkte hos selgeren som tar kontakt<\/p>\n<\/div>\n<\/div>\n\n\n\n<div style=\"height:48px\" aria-hidden=\"true\" class=\"wp-block-spacer\"><\/div>\n\n\n\n<h2 class=\"wp-block-heading has-medium-font-size\" id=\"reklame-i-postkassa\"><strong>Uadressert reklame<\/strong><\/h2>\n\n\n\n<div class=\"wp-block-columns is-layout-flex wp-container-core-columns-is-layout-28f84493 wp-block-columns-is-layout-flex\">\n<div class=\"wp-block-column is-layout-flow wp-block-column-is-layout-flow\">\n<p>Vi skiller mellom to ulike typer reklame som blir sendt i posten. &nbsp;<br>&nbsp;<br>Det ene er <em>uadressert reklame<\/em>, for eksempel reklame fra matbutikken eller andre lignende butikker. Dette er reklame som leveres ut til alle postkasser i et bestemt omr\u00e5de, og som ikke er adressert til noen spesielle.&nbsp;&nbsp;&nbsp;<\/p>\n\n\n\n<p>Dersom dere ikke \u00f8nsker \u00e5 motta slik reklame, kan dere klistre en lapp p\u00e5 postkassa deres hvor det st\u00e5r \u00abNei takk til reklame\u00bb. Det er mulig \u00e5 bruke b\u00e5de hjemmelagde lapper og ferdiglagde lapper. De som leverer ut reklamen m\u00e5 da respektere dette.&nbsp;Dersom dere likevel mottar slik reklame, til tross for lappen, kan dere ta direkte kontakt med de som leverer reklamen.<\/p>\n\n\n\n<h2 class=\"wp-block-heading has-medium-font-size\"><strong>Adressert reklame<\/strong><\/h2>\n\n\n\n<p>Den andre typen reklame som blir sendt i posten er det som ofte kalles <em>adressert reklame<\/em>. Slik reklame kan se ut som et vanlig brev som er sendt til deg med ditt navn og din adresse, eller det kan v\u00e6re reklamekataloger som er sendt til deg i ditt navn.&nbsp;&nbsp;<\/p>\n\n\n\n<p>Siden postbudet ikke kan vite om brevet inneholder reklame, eller om du har bestilt katalogen, vil ikke merket \u00abNei takk til reklame\u00bb hjelpe mot dette.&nbsp;For \u00e5 unng\u00e5 \u00e5 motta adressert reklame, m\u00e5 man reservere seg mot dette hos Reservasjonsregisteret. <br>&nbsp;<br>Selv om man har reservert seg mot adressert reklame i Reservasjonsregisteret har en n\u00e6ringsdrivende likevel lov til \u00e5 sende reklame dersom man har et kundeforhold til den n\u00e6ringsdrivende. &nbsp;<br>&nbsp;<br>Det er ogs\u00e5 mulig \u00e5 reservere seg direkte hos den som sender ut slik reklame.<\/p>\n<\/div>\n\n\n\n<div class=\"wp-block-column is-layout-flow wp-block-column-is-layout-flow\">\n<figure class=\"wp-block-image size-large\"><img loading=\"lazy\" decoding=\"async\" width=\"890\" height=\"1024\" src=\"https:\/\/reklameskolen.devz.no\/wp-content\/uploads\/sites\/7\/2022\/02\/jac-alexandru-L0Wdk52FAmM-unsplash-890x1024.jpg\" alt=\"Foto av en vegg med mange postkasser.\" class=\"wp-image-876\" srcset=\"https:\/\/reklameskolen.devz.no\/ungdomsskole\/files\/2022\/02\/jac-alexandru-L0Wdk52FAmM-unsplash-890x1024.jpg 890w, https:\/\/reklameskolen.devz.no\/ungdomsskole\/files\/2022\/02\/jac-alexandru-L0Wdk52FAmM-unsplash-261x300.jpg 261w, https:\/\/reklameskolen.devz.no\/ungdomsskole\/files\/2022\/02\/jac-alexandru-L0Wdk52FAmM-unsplash-768x883.jpg 768w, https:\/\/reklameskolen.devz.no\/ungdomsskole\/files\/2022\/02\/jac-alexandru-L0Wdk52FAmM-unsplash-1335x1536.jpg 1335w, https:\/\/reklameskolen.devz.no\/ungdomsskole\/files\/2022\/02\/jac-alexandru-L0Wdk52FAmM-unsplash-1780x2048.jpg 1780w, https:\/\/reklameskolen.devz.no\/ungdomsskole\/files\/2022\/02\/jac-alexandru-L0Wdk52FAmM-unsplash-150x173.jpg 150w\" sizes=\"auto, (max-width: 890px) 100vw, 890px\" \/><figcaption class=\"wp-element-caption\">Foto: Jac Alexandru\/Unsplash<\/figcaption><\/figure>\n<\/div>\n<\/div>\n\n\n\n<div style=\"height:100px\" aria-hidden=\"true\" class=\"wp-block-spacer\"><\/div>\n\n\n\n<h2 class=\"wp-block-heading has-medium-font-size\" id=\"e-post-og-sms\"><strong>E-post og SMS<\/strong><\/h2>\n\n\n\n<div class=\"wp-block-group is-layout-flow wp-block-group-is-layout-flow\">\n<div class=\"wp-block-columns is-layout-flex wp-container-core-columns-is-layout-28f84493 wp-block-columns-is-layout-flex\">\n<div class=\"wp-block-column is-layout-flow wp-block-column-is-layout-flow\" style=\"flex-basis:66.66%\">\n<p>En n\u00e6ringsdrivende har ikke lov til \u00e5 sende deg reklame p\u00e5 e-post eller SMS uten at du p\u00e5 forh\u00e5nd har godtatt \u00e5 motta slik reklame.&nbsp; Er du under 15 \u00e5r, er det foreldrene dine som m\u00e5 godta at du skal motta reklame p\u00e5 e-post og SMS.&nbsp;<\/p>\n\n\n\n<p>Dersom du allerede har kj\u00f8pt varer fra den n\u00e6ringsdrivende tidligere, kan selgeren i enkelte tilfeller likevel sende deg reklame p\u00e5 SMS og e-post. Du skal likevel ha f\u00e5tt beskjed om at selgeren vil sende deg slik reklame, og du skal ha f\u00e5tt mulighet til \u00e5 si nei til reklamen.&nbsp;&nbsp;<\/p>\n\n\n\n<p id=\"e-post-og-sms-1\">&nbsp;<\/p>\n<\/div>\n\n\n\n<div class=\"wp-block-column is-layout-flow wp-block-column-is-layout-flow\" style=\"flex-basis:33.33%\">\n<figure class=\"wp-block-image size-large\"><img loading=\"lazy\" decoding=\"async\" width=\"1024\" height=\"561\" src=\"https:\/\/reklameskolen.devz.no\/wp-content\/uploads\/sites\/7\/2022\/04\/SMS-IDa-1024x561.png\" alt=\"Bilde av en SMS med teksten &quot;sluttsalg i butikk! N\u00e5 50 prosent p\u00e5 alt! Gjelder kun i butikk! Kan ikke kombineres med andre tilbud.&quot;\" class=\"wp-image-3108\" srcset=\"https:\/\/reklameskolen.devz.no\/ungdomsskole\/files\/2022\/04\/SMS-IDa-1024x561.png 1024w, https:\/\/reklameskolen.devz.no\/ungdomsskole\/files\/2022\/04\/SMS-IDa-300x164.png 300w, https:\/\/reklameskolen.devz.no\/ungdomsskole\/files\/2022\/04\/SMS-IDa-768x421.png 768w, https:\/\/reklameskolen.devz.no\/ungdomsskole\/files\/2022\/04\/SMS-IDa-150x82.png 150w, https:\/\/reklameskolen.devz.no\/ungdomsskole\/files\/2022\/04\/SMS-IDa.png 1080w\" sizes=\"auto, (max-width: 1024px) 100vw, 1024px\" \/><figcaption class=\"wp-element-caption\">Det er forbudt \u00e5 sende markedsf\u00f8ring p\u00e5 e-post og SMS til forbrukere uten samtykke<\/figcaption><\/figure>\n<\/div>\n<\/div>\n<\/div>\n\n\n\n<div class=\"wp-block-group alignfull has-palette-color-4-background-color has-background is-layout-flow wp-block-group-is-layout-flow\">\n<div class=\"wp-block-columns is-layout-flex wp-container-core-columns-is-layout-28f84493 wp-block-columns-is-layout-flex\">\n<div class=\"wp-block-column is-layout-flow wp-block-column-is-layout-flow\">\n<div class=\"wp-block-buttons is-layout-flex wp-block-buttons-is-layout-flex\">\n<div class=\"wp-block-button\"><a class=\"wp-block-button__link wp-element-button\" href=\"https:\/\/reklameskolen.devz.no\/ungdomsskole\/andre-temaer\/okonomi\/\">Tilbake til &laquo;\u00d8konomi&raquo;<\/a><\/div>\n<\/div>\n<\/div>\n\n\n\n<div class=\"wp-block-column is-layout-flow wp-block-column-is-layout-flow\">\n<div class=\"wp-block-buttons is-horizontal is-content-justification-right is-layout-flex wp-container-core-buttons-is-layout-30af2ff6 wp-block-buttons-is-layout-flex\">\n<div class=\"wp-block-button\"><a class=\"wp-block-button__link wp-element-button\" href=\"https:\/\/reklameskolen.devz.no\/ungdomsskole\/andre-temaer\/personvern\/\">Videre til &laquo;Personvern&raquo;<\/a><\/div>\n<\/div>\n<\/div>\n<\/div>\n<\/div>\n\n\n\n<p><\/p>\n","protected":false},"excerpt":{"rendered":"<p>Reklame rett hjem Du har kanskje hentet posten hjemme og oppdaget at postkassen er full av reklame, eller opplevd at det har ringt telefonselgere til foreldrene dine. Denne type markedsf\u00f8ring kalles \u00abdirektemarkedsf\u00f8ring\u00bb. Det vil si at selgere tar direkte kontakt med s\u00e5 mange som mulig for \u00e5 fors\u00f8ke \u00e5 selge varene sine. Dette kan for [&hellip;]<\/p>\n","protected":false},"author":1,"featured_media":0,"parent":111,"menu_order":4,"comment_status":"closed","ping_status":"closed","template":"","meta":{"_acf_changed":false,"editor_notices":[],"footnotes":""},"class_list":["post-171","page","type-page","status-publish","hentry"],"blocksy_meta":{"styles_descriptor":{"styles":{"desktop":"","tablet":"","mobile":""},"google_fonts":[],"version":6}},"acf":[],"yoast_head":"<!-- This site is optimized with the Yoast SEO plugin v25.9 - https:\/\/yoast.com\/wordpress\/plugins\/seo\/ -->\n<title>Reklame rett hjem - Ungdomsskole<\/title>\n<meta name=\"robots\" content=\"index, follow, max-snippet:-1, max-image-preview:large, max-video-preview:-1\" \/>\n<link rel=\"canonical\" href=\"https:\/\/reklameskolen.devz.no\/ungdomsskole\/andre-temaer\/direktemarkedsforing\/\" \/>\n<meta property=\"og:locale\" content=\"nb_NO\" \/>\n<meta property=\"og:type\" content=\"article\" \/>\n<meta property=\"og:title\" content=\"Reklame rett hjem - Ungdomsskole\" \/>\n<meta property=\"og:description\" content=\"Reklame rett hjem Du har kanskje hentet posten hjemme og oppdaget at postkassen er full av reklame, eller opplevd at det har ringt telefonselgere til foreldrene dine. Denne type markedsf\u00f8ring kalles \u00abdirektemarkedsf\u00f8ring\u00bb. Det vil si at selgere tar direkte kontakt med s\u00e5 mange som mulig for \u00e5 fors\u00f8ke \u00e5 selge varene sine. Dette kan for [&hellip;]\" \/>\n<meta property=\"og:url\" content=\"https:\/\/reklameskolen.devz.no\/ungdomsskole\/andre-temaer\/direktemarkedsforing\/\" \/>\n<meta property=\"og:site_name\" content=\"Ungdomsskole\" \/>\n<meta property=\"article:modified_time\" content=\"2024-08-20T11:46:05+00:00\" \/>\n<meta property=\"og:image\" content=\"https:\/\/reklameskolen.devz.no\/wp-content\/uploads\/sites\/7\/2022\/02\/patricia-zavala-DAA6PTVYKz4-unsplash-1024x757.jpg\" \/>\n<meta name=\"twitter:card\" content=\"summary_large_image\" \/>\n<meta name=\"twitter:label1\" content=\"Ansl. lesetid\" \/>\n\t<meta name=\"twitter:data1\" content=\"3 minutter\" \/>\n<script type=\"application\/ld+json\" class=\"yoast-schema-graph\">{\"@context\":\"https:\/\/schema.org\",\"@graph\":[{\"@type\":\"WebPage\",\"@id\":\"https:\/\/reklameskolen.devz.no\/ungdomsskole\/andre-temaer\/direktemarkedsforing\/\",\"url\":\"https:\/\/reklameskolen.devz.no\/ungdomsskole\/andre-temaer\/direktemarkedsforing\/\",\"name\":\"Reklame rett hjem - Ungdomsskole\",\"isPartOf\":{\"@id\":\"https:\/\/reklameskolen.devz.no\/ungdomsskole\/#website\"},\"primaryImageOfPage\":{\"@id\":\"https:\/\/reklameskolen.devz.no\/ungdomsskole\/andre-temaer\/direktemarkedsforing\/#primaryimage\"},\"image\":{\"@id\":\"https:\/\/reklameskolen.devz.no\/ungdomsskole\/andre-temaer\/direktemarkedsforing\/#primaryimage\"},\"thumbnailUrl\":\"https:\/\/reklameskolen.devz.no\/wp-content\/uploads\/sites\/7\/2022\/02\/patricia-zavala-DAA6PTVYKz4-unsplash-1024x757.jpg\",\"datePublished\":\"2021-12-09T07:58:11+00:00\",\"dateModified\":\"2024-08-20T11:46:05+00:00\",\"breadcrumb\":{\"@id\":\"https:\/\/reklameskolen.devz.no\/ungdomsskole\/andre-temaer\/direktemarkedsforing\/#breadcrumb\"},\"inLanguage\":\"nb-NO\",\"potentialAction\":[{\"@type\":\"ReadAction\",\"target\":[\"https:\/\/reklameskolen.devz.no\/ungdomsskole\/andre-temaer\/direktemarkedsforing\/\"]}]},{\"@type\":\"ImageObject\",\"inLanguage\":\"nb-NO\",\"@id\":\"https:\/\/reklameskolen.devz.no\/ungdomsskole\/andre-temaer\/direktemarkedsforing\/#primaryimage\",\"url\":\"https:\/\/reklameskolen.devz.no\/wp-content\/uploads\/sites\/7\/2022\/02\/patricia-zavala-DAA6PTVYKz4-unsplash-1024x757.jpg\",\"contentUrl\":\"https:\/\/reklameskolen.devz.no\/wp-content\/uploads\/sites\/7\/2022\/02\/patricia-zavala-DAA6PTVYKz4-unsplash-1024x757.jpg\"},{\"@type\":\"BreadcrumbList\",\"@id\":\"https:\/\/reklameskolen.devz.no\/ungdomsskole\/andre-temaer\/direktemarkedsforing\/#breadcrumb\",\"itemListElement\":[{\"@type\":\"ListItem\",\"position\":1,\"name\":\"Home\",\"item\":\"https:\/\/reklameskolen.devz.no\/ungdomsskole\/\"},{\"@type\":\"ListItem\",\"position\":2,\"name\":\"Andre temaer\",\"item\":\"https:\/\/reklameskolen.devz.no\/ungdomsskole\/andre-temaer\/\"},{\"@type\":\"ListItem\",\"position\":3,\"name\":\"Reklame rett hjem\"}]},{\"@type\":\"WebSite\",\"@id\":\"https:\/\/reklameskolen.devz.no\/ungdomsskole\/#website\",\"url\":\"https:\/\/reklameskolen.devz.no\/ungdomsskole\/\",\"name\":\"Ungdomsskole\",\"description\":\"Oppl\u00e6ringsverkt\u00f8y om reklame\",\"publisher\":{\"@id\":\"https:\/\/reklameskolen.devz.no\/ungdomsskole\/#organization\"},\"potentialAction\":[{\"@type\":\"SearchAction\",\"target\":{\"@type\":\"EntryPoint\",\"urlTemplate\":\"https:\/\/reklameskolen.devz.no\/ungdomsskole\/?s={search_term_string}\"},\"query-input\":{\"@type\":\"PropertyValueSpecification\",\"valueRequired\":true,\"valueName\":\"search_term_string\"}}],\"inLanguage\":\"nb-NO\"},{\"@type\":\"Organization\",\"@id\":\"https:\/\/reklameskolen.devz.no\/ungdomsskole\/#organization\",\"name\":\"Ungdomsskole\",\"url\":\"https:\/\/reklameskolen.devz.no\/ungdomsskole\/\",\"logo\":{\"@type\":\"ImageObject\",\"inLanguage\":\"nb-NO\",\"@id\":\"https:\/\/reklameskolen.devz.no\/ungdomsskole\/#\/schema\/logo\/image\/\",\"url\":\"https:\/\/reklameskolen.devz.no\/wp-content\/uploads\/2023\/08\/Reklameskolen-Logo-01.png\",\"contentUrl\":\"https:\/\/reklameskolen.devz.no\/wp-content\/uploads\/2023\/08\/Reklameskolen-Logo-01.png\",\"caption\":\"Ungdomsskole\"},\"image\":{\"@id\":\"https:\/\/reklameskolen.devz.no\/ungdomsskole\/#\/schema\/logo\/image\/\"}}]}<\/script>\n<!-- \/ Yoast SEO plugin. -->","yoast_head_json":{"title":"Reklame rett hjem - Ungdomsskole","robots":{"index":"index","follow":"follow","max-snippet":"max-snippet:-1","max-image-preview":"max-image-preview:large","max-video-preview":"max-video-preview:-1"},"canonical":"https:\/\/reklameskolen.devz.no\/ungdomsskole\/andre-temaer\/direktemarkedsforing\/","og_locale":"nb_NO","og_type":"article","og_title":"Reklame rett hjem - Ungdomsskole","og_description":"Reklame rett hjem Du har kanskje hentet posten hjemme og oppdaget at postkassen er full av reklame, eller opplevd at det har ringt telefonselgere til foreldrene dine. Denne type markedsf\u00f8ring kalles \u00abdirektemarkedsf\u00f8ring\u00bb. Det vil si at selgere tar direkte kontakt med s\u00e5 mange som mulig for \u00e5 fors\u00f8ke \u00e5 selge varene sine. Dette kan for [&hellip;]","og_url":"https:\/\/reklameskolen.devz.no\/ungdomsskole\/andre-temaer\/direktemarkedsforing\/","og_site_name":"Ungdomsskole","article_modified_time":"2024-08-20T11:46:05+00:00","og_image":[{"url":"https:\/\/reklameskolen.devz.no\/wp-content\/uploads\/sites\/7\/2022\/02\/patricia-zavala-DAA6PTVYKz4-unsplash-1024x757.jpg","type":"","width":"","height":""}],"twitter_card":"summary_large_image","twitter_misc":{"Ansl. lesetid":"3 minutter"},"schema":{"@context":"https:\/\/schema.org","@graph":[{"@type":"WebPage","@id":"https:\/\/reklameskolen.devz.no\/ungdomsskole\/andre-temaer\/direktemarkedsforing\/","url":"https:\/\/reklameskolen.devz.no\/ungdomsskole\/andre-temaer\/direktemarkedsforing\/","name":"Reklame rett hjem - Ungdomsskole","isPartOf":{"@id":"https:\/\/reklameskolen.devz.no\/ungdomsskole\/#website"},"primaryImageOfPage":{"@id":"https:\/\/reklameskolen.devz.no\/ungdomsskole\/andre-temaer\/direktemarkedsforing\/#primaryimage"},"image":{"@id":"https:\/\/reklameskolen.devz.no\/ungdomsskole\/andre-temaer\/direktemarkedsforing\/#primaryimage"},"thumbnailUrl":"https:\/\/reklameskolen.devz.no\/wp-content\/uploads\/sites\/7\/2022\/02\/patricia-zavala-DAA6PTVYKz4-unsplash-1024x757.jpg","datePublished":"2021-12-09T07:58:11+00:00","dateModified":"2024-08-20T11:46:05+00:00","breadcrumb":{"@id":"https:\/\/reklameskolen.devz.no\/ungdomsskole\/andre-temaer\/direktemarkedsforing\/#breadcrumb"},"inLanguage":"nb-NO","potentialAction":[{"@type":"ReadAction","target":["https:\/\/reklameskolen.devz.no\/ungdomsskole\/andre-temaer\/direktemarkedsforing\/"]}]},{"@type":"ImageObject","inLanguage":"nb-NO","@id":"https:\/\/reklameskolen.devz.no\/ungdomsskole\/andre-temaer\/direktemarkedsforing\/#primaryimage","url":"https:\/\/reklameskolen.devz.no\/wp-content\/uploads\/sites\/7\/2022\/02\/patricia-zavala-DAA6PTVYKz4-unsplash-1024x757.jpg","contentUrl":"https:\/\/reklameskolen.devz.no\/wp-content\/uploads\/sites\/7\/2022\/02\/patricia-zavala-DAA6PTVYKz4-unsplash-1024x757.jpg"},{"@type":"BreadcrumbList","@id":"https:\/\/reklameskolen.devz.no\/ungdomsskole\/andre-temaer\/direktemarkedsforing\/#breadcrumb","itemListElement":[{"@type":"ListItem","position":1,"name":"Home","item":"https:\/\/reklameskolen.devz.no\/ungdomsskole\/"},{"@type":"ListItem","position":2,"name":"Andre temaer","item":"https:\/\/reklameskolen.devz.no\/ungdomsskole\/andre-temaer\/"},{"@type":"ListItem","position":3,"name":"Reklame rett hjem"}]},{"@type":"WebSite","@id":"https:\/\/reklameskolen.devz.no\/ungdomsskole\/#website","url":"https:\/\/reklameskolen.devz.no\/ungdomsskole\/","name":"Ungdomsskole","description":"Oppl\u00e6ringsverkt\u00f8y om reklame","publisher":{"@id":"https:\/\/reklameskolen.devz.no\/ungdomsskole\/#organization"},"potentialAction":[{"@type":"SearchAction","target":{"@type":"EntryPoint","urlTemplate":"https:\/\/reklameskolen.devz.no\/ungdomsskole\/?s={search_term_string}"},"query-input":{"@type":"PropertyValueSpecification","valueRequired":true,"valueName":"search_term_string"}}],"inLanguage":"nb-NO"},{"@type":"Organization","@id":"https:\/\/reklameskolen.devz.no\/ungdomsskole\/#organization","name":"Ungdomsskole","url":"https:\/\/reklameskolen.devz.no\/ungdomsskole\/","logo":{"@type":"ImageObject","inLanguage":"nb-NO","@id":"https:\/\/reklameskolen.devz.no\/ungdomsskole\/#\/schema\/logo\/image\/","url":"https:\/\/reklameskolen.devz.no\/wp-content\/uploads\/2023\/08\/Reklameskolen-Logo-01.png","contentUrl":"https:\/\/reklameskolen.devz.no\/wp-content\/uploads\/2023\/08\/Reklameskolen-Logo-01.png","caption":"Ungdomsskole"},"image":{"@id":"https:\/\/reklameskolen.devz.no\/ungdomsskole\/#\/schema\/logo\/image\/"}}]}},"_links":{"self":[{"href":"https:\/\/reklameskolen.devz.no\/ungdomsskole\/wp-json\/wp\/v2\/pages\/171","targetHints":{"allow":["GET"]}}],"collection":[{"href":"https:\/\/reklameskolen.devz.no\/ungdomsskole\/wp-json\/wp\/v2\/pages"}],"about":[{"href":"https:\/\/reklameskolen.devz.no\/ungdomsskole\/wp-json\/wp\/v2\/types\/page"}],"author":[{"embeddable":true,"href":"https:\/\/reklameskolen.devz.no\/ungdomsskole\/wp-json\/wp\/v2\/users\/1"}],"replies":[{"embeddable":true,"href":"https:\/\/reklameskolen.devz.no\/ungdomsskole\/wp-json\/wp\/v2\/comments?post=171"}],"version-history":[{"count":45,"href":"https:\/\/reklameskolen.devz.no\/ungdomsskole\/wp-json\/wp\/v2\/pages\/171\/revisions"}],"predecessor-version":[{"id":3959,"href":"https:\/\/reklameskolen.devz.no\/ungdomsskole\/wp-json\/wp\/v2\/pages\/171\/revisions\/3959"}],"up":[{"embeddable":true,"href":"https:\/\/reklameskolen.devz.no\/ungdomsskole\/wp-json\/wp\/v2\/pages\/111"}],"wp:attachment":[{"href":"https:\/\/reklameskolen.devz.no\/ungdomsskole\/wp-json\/wp\/v2\/media?parent=171"}],"curies":[{"name":"wp","href":"https:\/\/api.w.org\/{rel}","templated":true}]}}